CRAN Package Check Results for Package chartql

Last updated on 2023-06-04 08:57:05 CEST.

Flavor Version Tinstall Tcheck Ttotal Status Flags
r-devel-linux-x86_64-debian-clang 0.1.0 5.28 50.79 56.07 NOTE
r-devel-linux-x86_64-debian-gcc 0.1.0 3.83 38.69 42.52 NOTE
r-devel-linux-x86_64-fedora-clang 0.1.0 70.30 NOTE
r-devel-linux-x86_64-fedora-gcc 0.1.0 67.06 NOTE
r-devel-windows-x86_64 0.1.0 7.00 56.00 63.00 NOTE
r-patched-linux-x86_64 0.1.0 4.53 48.28 52.81 NOTE
r-release-linux-x86_64 0.1.0 5.08 48.19 53.27 NOTE
r-release-macos-arm64 0.1.0 25.00 NOTE
r-release-macos-x86_64 0.1.0 35.00 NOTE
r-release-windows-x86_64 0.1.0 8.00 62.00 70.00 NOTE
r-oldrel-macos-arm64 0.1.0 25.00 NOTE
r-oldrel-macos-x86_64 0.1.0 45.00 NOTE
r-oldrel-windows-x86_64 0.1.0 8.00 65.00 73.00 NOTE

Check Details

Version: 0.1.0
Check: LazyData
Result: NOTE
     'LazyData' is specified without a 'data' directory
Flavors: r-devel-linux-x86_64-debian-clang, r-devel-linux-x86_64-debian-gcc, r-devel-linux-x86_64-fedora-clang, r-devel-linux-x86_64-fedora-gcc, r-devel-windows-x86_64, r-patched-linux-x86_64, r-release-linux-x86_64, r-release-macos-arm64, r-release-macos-x86_64, r-release-windows-x86_64, r-oldrel-macos-arm64, r-oldrel-macos-x86_64, r-oldrel-windows-x86_64