CRAN Package Check Results for Package chemometrics

Last updated on 2022-06-26 08:53:27 CEST.

Flavor Version Tinstall Tcheck Ttotal Status Flags
r-devel-linux-x86_64-debian-clang 1.4.2 8.37 143.89 152.26 NOTE
r-devel-linux-x86_64-debian-gcc 1.4.2 6.74 106.09 112.83 NOTE
r-devel-linux-x86_64-fedora-clang 1.4.2 191.66 NOTE
r-devel-linux-x86_64-fedora-gcc 1.4.2 190.56 NOTE
r-devel-windows-x86_64 1.4.2 84.00 210.00 294.00 NOTE
r-patched-linux-x86_64 1.4.2 8.01 142.04 150.05 NOTE
r-release-linux-x86_64 1.4.2 8.20 141.73 149.93 NOTE
r-release-macos-arm64 1.4.2 55.00 OK
r-release-macos-x86_64 1.4.2 93.00 OK
r-release-windows-x86_64 1.4.2 72.00 220.00 292.00 OK
r-oldrel-macos-arm64 1.4.2 69.00 OK
r-oldrel-macos-x86_64 1.4.2 138.00 OK
r-oldrel-windows-ix86+x86_64 1.4.2 14.00 175.00 189.00 OK

Check Details

Version: 1.4.2
Check: Rd files
Result: NOTE
    checkRd: (-1) hyptis.Rd:31: Escaped LaTeX specials: \&
Flavors: r-devel-linux-x86_64-debian-clang, r-devel-linux-x86_64-debian-gcc, r-devel-linux-x86_64-fedora-clang, r-devel-linux-x86_64-fedora-gcc, r-devel-windows-x86_64

Version: 1.4.2
Check: for non-standard things in the check directory
Result: NOTE
    Found the following files/directories:
     'stepres00.txt'
Flavors: r-devel-linux-x86_64-debian-clang, r-devel-linux-x86_64-debian-gcc, r-devel-linux-x86_64-fedora-clang, r-devel-linux-x86_64-fedora-gcc, r-patched-linux-x86_64, r-release-linux-x86_64