CRAN Package Check Results for Package chest

Last updated on 2021-10-23 00:48:49 CEST.

Flavor Version Tinstall Tcheck Ttotal Status Flags
r-devel-linux-x86_64-debian-clang 0.3.5 10.97 157.08 168.05 OK
r-devel-linux-x86_64-debian-gcc 0.3.5 8.25 118.69 126.94 OK
r-devel-linux-x86_64-fedora-clang 0.3.5 205.11 NOTE
r-devel-linux-x86_64-fedora-gcc 0.3.5 196.07 NOTE
r-devel-windows-x86_64 0.3.5 16.00 195.00 211.00 OK
r-devel-windows-x86_64-gcc10-UCRT 0.3.5 NOTE
r-patched-linux-x86_64 0.3.5 10.51 148.70 159.21 OK
r-patched-solaris-x86 0.3.5 266.00 NOTE
r-release-linux-x86_64 0.3.5 12.44 149.11 161.55 OK
r-release-macos-arm64 0.3.5 NOTE
r-release-macos-x86_64 0.3.5 NOTE
r-release-windows-ix86+x86_64 0.3.5 18.00 184.00 202.00 OK
r-oldrel-macos-x86_64 0.3.5 NOTE
r-oldrel-windows-ix86+x86_64 0.3.5 25.00 200.00 225.00 OK

Check Details

Version: 0.3.5
Check: dependencies in R code
Result: NOTE
    Namespace in Imports field not imported from: ‘generics’
     All declared Imports should be used.
Flavors: r-devel-linux-x86_64-fedora-clang, r-devel-linux-x86_64-fedora-gcc, r-devel-windows-x86_64-gcc10-UCRT, r-patched-solaris-x86, r-release-macos-arm64, r-release-macos-x86_64, r-oldrel-macos-x86_64