Last updated on 2024-04-19 01:04:26 CEST.
Flavor | Version | Tinstall | Tcheck | Ttotal | Status | Flags |
---|---|---|---|---|---|---|
r-devel-linux-x86_64-debian-clang | 0.2.3 | 11.99 | 98.11 | 110.10 | NOTE | |
r-devel-linux-x86_64-debian-gcc | 0.2.3 | 8.93 | 74.10 | 83.03 | NOTE | |
r-devel-linux-x86_64-fedora-clang | 0.2.3 | 134.74 | NOTE | |||
r-devel-linux-x86_64-fedora-gcc | 0.2.3 | 150.30 | NOTE | |||
r-prerel-macos-arm64 | 0.2.3 | 36.00 | NOTE | |||
r-prerel-windows-x86_64 | 0.2.3 | 12.00 | 103.00 | 115.00 | NOTE | |
r-patched-linux-x86_64 | 0.2.3 | 12.74 | 97.49 | 110.23 | NOTE | |
r-release-linux-x86_64 | 0.2.3 | 11.69 | 95.35 | 107.04 | NOTE | |
r-release-macos-arm64 | 0.2.3 | 70.00 | NOTE | |||
r-release-macos-x86_64 | 0.2.3 | 58.00 | NOTE | |||
r-release-windows-x86_64 | 0.2.3 | 14.00 | 114.00 | 128.00 | NOTE | |
r-oldrel-macos-arm64 | 0.2.3 | 32.00 | NOTE | |||
r-oldrel-windows-x86_64 | 0.2.3 | 16.00 | 105.00 | 121.00 | NOTE |
Version: 0.2.3
Check: LazyData
Result: NOTE
'LazyData' is specified without a 'data' directory
Flavors: r-devel-linux-x86_64-debian-clang, r-devel-linux-x86_64-debian-gcc, r-devel-linux-x86_64-fedora-clang, r-devel-linux-x86_64-fedora-gcc, r-prerel-macos-arm64, r-prerel-windows-x86_64, r-patched-linux-x86_64, r-release-linux-x86_64, r-release-macos-arm64, r-release-macos-x86_64, r-release-windows-x86_64, r-oldrel-macos-arm64, r-oldrel-windows-x86_64