Last updated on 2023-06-05 16:54:50 CEST.
Flavor | Version | Tinstall | Tcheck | Ttotal | Status | Flags |
---|---|---|---|---|---|---|
r-devel-linux-x86_64-debian-clang | 0.8.0 | 50.45 | 527.09 | 577.54 | OK | |
r-devel-linux-x86_64-debian-gcc | 0.8.0 | 35.16 | 382.31 | 417.47 | OK | |
r-devel-linux-x86_64-fedora-clang | 0.8.0 | 734.35 | NOTE | |||
r-devel-linux-x86_64-fedora-gcc | 0.8.0 | 669.15 | OK | |||
r-devel-windows-x86_64 | 0.8.0 | 37.00 | 328.00 | 365.00 | NOTE | |
r-patched-linux-x86_64 | 0.8.0 | 42.47 | 488.63 | 531.10 | OK | |
r-release-linux-x86_64 | 0.8.0 | 38.80 | 492.55 | 531.35 | OK | |
r-release-macos-arm64 | 0.8.0 | 172.00 | NOTE | |||
r-release-macos-x86_64 | 0.8.0 | 310.00 | NOTE | |||
r-release-windows-x86_64 | 0.8.0 | 52.00 | 456.00 | 508.00 | NOTE | |
r-oldrel-macos-arm64 | 0.8.0 | 120.00 | NOTE | |||
r-oldrel-macos-x86_64 | 0.8.0 | 181.00 | NOTE | |||
r-oldrel-windows-x86_64 | 0.8.0 | 53.00 | 433.00 | 486.00 | NOTE |
Version: 0.8.0
Check: installed package size
Result: NOTE
installed size is 5.5Mb
sub-directories of 1Mb or more:
data 1.0Mb
doc 1.5Mb
help 2.2Mb
Flavors: r-devel-linux-x86_64-fedora-clang, r-devel-windows-x86_64, r-release-macos-arm64, r-release-macos-x86_64, r-release-windows-x86_64, r-oldrel-macos-arm64, r-oldrel-macos-x86_64, r-oldrel-windows-x86_64