CRAN Package Check Results for Package ciTools

Last updated on 2021-12-02 16:51:53 CET.

Flavor Version Tinstall Tcheck Ttotal Status Flags
r-devel-linux-x86_64-debian-clang 0.6.1 12.94 278.18 291.12 NOTE
r-devel-linux-x86_64-debian-gcc 0.6.1 10.97 205.51 216.48 NOTE
r-devel-linux-x86_64-fedora-clang 0.6.1 344.82 NOTE
r-devel-linux-x86_64-fedora-gcc 0.6.1 327.72 NOTE
r-devel-windows-x86_64-new-UL 0.6.1 27.00 340.00 367.00 NOTE
r-devel-windows-x86_64-new-TK 0.6.1 NOTE
r-devel-windows-x86_64-old 0.6.1 19.00 251.00 270.00 NOTE
r-patched-linux-x86_64 0.6.1 12.76 270.45 283.21 NOTE
r-patched-solaris-x86 0.6.1 248.00 NOTE
r-release-linux-x86_64 0.6.1 13.97 270.92 284.89 NOTE
r-release-macos-arm64 0.6.1 NOTE
r-release-macos-x86_64 0.6.1 NOTE
r-release-windows-ix86+x86_64 0.6.1 29.00 331.00 360.00 NOTE
r-oldrel-macos-x86_64 0.6.1 OK
r-oldrel-windows-ix86+x86_64 0.6.1 28.00 338.00 366.00 OK

Check Details

Version: 0.6.1
Check: LazyData
Result: NOTE
     'LazyData' is specified without a 'data' directory
Flavors: r-devel-linux-x86_64-debian-clang, r-devel-linux-x86_64-debian-gcc, r-devel-linux-x86_64-fedora-clang, r-devel-linux-x86_64-fedora-gcc, r-devel-windows-x86_64-new-UL, r-devel-windows-x86_64-new-TK, r-devel-windows-x86_64-old, r-patched-linux-x86_64, r-patched-solaris-x86, r-release-linux-x86_64, r-release-macos-arm64, r-release-macos-x86_64, r-release-windows-ix86+x86_64