CRAN Package Check Results for Package classifierplots

Last updated on 2022-09-28 00:52:38 CEST.

Flavor Version Tinstall Tcheck Ttotal Status Flags
r-devel-linux-x86_64-debian-clang 1.4.0 18.02 142.71 160.73 OK
r-devel-linux-x86_64-debian-gcc 1.4.0 12.95 104.40 117.35 OK
r-devel-linux-x86_64-fedora-clang 1.4.0 213.35 NOTE
r-devel-linux-x86_64-fedora-gcc 1.4.0 194.74 NOTE
r-devel-windows-x86_64 1.4.0 51.00 163.00 214.00 OK
r-patched-linux-x86_64 1.4.0 10.90 130.71 141.61 OK
r-release-linux-x86_64 1.4.0 15.42 131.27 146.69 OK
r-release-macos-arm64 1.4.0 49.00 NOTE
r-release-macos-x86_64 1.4.0 100.00 NOTE
r-release-windows-x86_64 1.4.0 65.00 152.00 217.00 OK
r-oldrel-macos-arm64 1.4.0 61.00 NOTE
r-oldrel-macos-x86_64 1.4.0 84.00 NOTE
r-oldrel-windows-ix86+x86_64 1.4.0 41.00 150.00 191.00 OK

Check Details

Version: 1.4.0
Check: dependencies in R code
Result: NOTE
    Namespace in Imports field not imported from: ‘Rcpp’
     All declared Imports should be used.
Flavors: r-devel-linux-x86_64-fedora-clang, r-devel-linux-x86_64-fedora-gcc, r-release-macos-arm64, r-release-macos-x86_64, r-oldrel-macos-arm64, r-oldrel-macos-x86_64