Last updated on 2023-09-21 17:55:40 CEST.
Flavor | Version | Tinstall | Tcheck | Ttotal | Status | Flags |
---|---|---|---|---|---|---|
r-devel-linux-x86_64-debian-clang | 1.2.4 | 39.98 | 29.81 | 69.79 | NOTE | |
r-devel-linux-x86_64-debian-gcc | 1.2.4 | 26.39 | 22.66 | 49.05 | NOTE | |
r-devel-linux-x86_64-fedora-clang | 1.2.4 | 106.59 | NOTE | |||
r-devel-linux-x86_64-fedora-gcc | 1.2.4 | 92.90 | NOTE | |||
r-devel-windows-x86_64 | 1.2.4 | 30.00 | 65.00 | 95.00 | NOTE | |
r-patched-linux-x86_64 | 1.2.4 | 37.61 | 28.84 | 66.45 | NOTE | |
r-release-linux-x86_64 | 1.2.4 | 41.64 | 28.70 | 70.34 | NOTE | |
r-release-macos-arm64 | 1.2.4 | 28.00 | NOTE | |||
r-release-macos-x86_64 | 1.2.4 | 45.00 | NOTE | |||
r-release-windows-x86_64 | 1.2.4 | 33.00 | 71.00 | 104.00 | NOTE | |
r-oldrel-macos-arm64 | 1.2.4 | 29.00 | OK | |||
r-oldrel-macos-x86_64 | 1.2.4 | 40.00 | OK | |||
r-oldrel-windows-x86_64 | 1.2.4 | 47.00 | 73.00 | 120.00 | OK |
Version: 1.2.4
Check: C++ specification
Result: NOTE
Specified C++11: please drop specification unless essential
Flavors: r-devel-linux-x86_64-debian-clang, r-devel-linux-x86_64-debian-gcc, r-devel-linux-x86_64-fedora-clang, r-devel-linux-x86_64-fedora-gcc, r-devel-windows-x86_64, r-patched-linux-x86_64, r-release-linux-x86_64, r-release-macos-arm64, r-release-macos-x86_64, r-release-windows-x86_64