Last updated on 2024-04-19 16:58:37 CEST.
Flavor | Version | Tinstall | Tcheck | Ttotal | Status | Flags |
---|---|---|---|---|---|---|
r-devel-linux-x86_64-debian-clang | 1.2.4 | 40.49 | 29.79 | 70.28 | NOTE | |
r-devel-linux-x86_64-debian-gcc | 1.2.4 | NOTE | ||||
r-devel-linux-x86_64-fedora-clang | 1.2.4 | 112.33 | NOTE | |||
r-devel-linux-x86_64-fedora-gcc | 1.2.4 | 99.09 | NOTE | |||
r-prerel-macos-arm64 | 1.2.4 | 32.00 | NOTE | |||
r-prerel-windows-x86_64 | 1.2.4 | 32.00 | 66.00 | 98.00 | NOTE | |
r-patched-linux-x86_64 | 1.2.4 | 40.08 | 28.80 | 68.88 | NOTE | |
r-release-linux-x86_64 | 1.2.4 | 39.93 | 29.19 | 69.12 | NOTE | |
r-release-macos-arm64 | 1.2.4 | 28.00 | NOTE | |||
r-release-macos-x86_64 | 1.2.4 | 45.00 | NOTE | |||
r-release-windows-x86_64 | 1.2.4 | 38.00 | 71.00 | 109.00 | NOTE | |
r-oldrel-macos-arm64 | 1.2.4 | 29.00 | OK | |||
r-oldrel-windows-x86_64 | 1.2.4 | 41.00 | 73.00 | 114.00 | OK |
Version: 1.2.4
Check: C++ specification
Result: NOTE
Specified C++11: please drop specification unless essential
Flavors: r-devel-linux-x86_64-debian-clang, r-devel-linux-x86_64-debian-gcc, r-devel-linux-x86_64-fedora-clang, r-devel-linux-x86_64-fedora-gcc, r-prerel-macos-arm64, r-prerel-windows-x86_64, r-patched-linux-x86_64, r-release-linux-x86_64, r-release-macos-arm64, r-release-macos-x86_64, r-release-windows-x86_64