Last updated on 2024-03-28 23:55:03 CET.
Flavor | Version | Tinstall | Tcheck | Ttotal | Status | Flags |
---|---|---|---|---|---|---|
r-devel-linux-x86_64-debian-clang | 1.6.0 | 83.81 | 27.40 | 111.21 | OK | |
r-devel-linux-x86_64-debian-gcc | 1.6.0 | 62.63 | 21.05 | 83.68 | OK | |
r-devel-linux-x86_64-fedora-clang | 1.6.0 | 191.62 | OK | |||
r-devel-linux-x86_64-fedora-gcc | 1.6.0 | 164.36 | OK | |||
r-devel-windows-x86_64 | 1.6.0 | 67.00 | 67.00 | 134.00 | OK | |
r-patched-linux-x86_64 | 1.6.0 | 82.90 | 25.93 | 108.83 | OK | |
r-release-linux-x86_64 | 1.6.0 | 81.86 | 26.10 | 107.96 | OK | |
r-release-macos-arm64 | 1.6.0 | 102.00 | NOTE | |||
r-release-macos-x86_64 | 1.6.0 | 58.00 | NOTE | |||
r-release-windows-x86_64 | 1.6.0 | 64.00 | 77.00 | 141.00 | OK | |
r-oldrel-macos-arm64 | 1.6.0 | 44.00 | NOTE | |||
r-oldrel-windows-x86_64 | 1.6.0 | 82.00 | 76.00 | 158.00 | OK |
Version: 1.6.0
Check: installed package size
Result: NOTE
installed size is 9.3Mb
sub-directories of 1Mb or more:
libs 9.3Mb
Flavors: r-release-macos-arm64, r-release-macos-x86_64, r-oldrel-macos-arm64