Last updated on 2023-05-28 22:00:07 CEST.
Flavor | Version | Tinstall | Tcheck | Ttotal | Status | Flags |
---|---|---|---|---|---|---|
r-devel-linux-x86_64-debian-clang | 0.1.1 | 23.95 | 78.02 | 101.97 | NOTE | |
r-devel-linux-x86_64-debian-gcc | 0.1.1 | 22.43 | 61.69 | 84.12 | NOTE | |
r-devel-linux-x86_64-fedora-clang | 0.1.1 | 147.07 | NOTE | |||
r-devel-linux-x86_64-fedora-gcc | 0.1.1 | 142.33 | NOTE | |||
r-devel-windows-x86_64 | 0.1.1 | 27.00 | 92.00 | 119.00 | NOTE | |
r-patched-linux-x86_64 | 0.1.1 | 26.56 | 77.70 | 104.26 | NOTE | |
r-release-linux-x86_64 | 0.1.1 | 25.38 | 75.80 | 101.18 | NOTE | |
r-release-macos-arm64 | 0.1.1 | 45.00 | NOTE | |||
r-release-macos-x86_64 | 0.1.1 | 66.00 | NOTE | |||
r-release-windows-x86_64 | 0.1.1 | 33.00 | 117.00 | 150.00 | NOTE | |
r-oldrel-macos-arm64 | 0.1.1 | 40.00 | NOTE | |||
r-oldrel-macos-x86_64 | 0.1.1 | 53.00 | NOTE | |||
r-oldrel-windows-x86_64 | 0.1.1 | 30.00 | 109.00 | 139.00 | NOTE |
Version: 0.1.1
Check: LazyData
Result: NOTE
'LazyData' is specified without a 'data' directory
Flavors: r-devel-linux-x86_64-debian-clang, r-devel-linux-x86_64-debian-gcc, r-devel-linux-x86_64-fedora-clang, r-devel-linux-x86_64-fedora-gcc, r-devel-windows-x86_64, r-patched-linux-x86_64, r-release-linux-x86_64, r-release-macos-arm64, r-release-macos-x86_64, r-release-windows-x86_64, r-oldrel-macos-arm64, r-oldrel-macos-x86_64, r-oldrel-windows-x86_64