Last updated on 2024-03-28 23:55:03 CET.
Flavor | Version | Tinstall | Tcheck | Ttotal | Status | Flags |
---|---|---|---|---|---|---|
r-devel-linux-x86_64-debian-clang | 0.9.0 | 71.31 | 465.97 | 537.28 | NOTE | |
r-devel-linux-x86_64-debian-gcc | 0.9.0 | 57.07 | 328.95 | 386.02 | NOTE | |
r-devel-linux-x86_64-fedora-clang | 0.9.0 | 637.93 | NOTE | |||
r-devel-linux-x86_64-fedora-gcc | 0.9.0 | 656.03 | NOTE | |||
r-devel-windows-x86_64 | 0.9.0 | 54.00 | 285.00 | 339.00 | NOTE | |
r-patched-linux-x86_64 | 0.9.0 | 66.17 | 448.32 | 514.49 | NOTE | |
r-release-linux-x86_64 | 0.9.0 | 69.43 | 442.88 | 512.31 | NOTE | |
r-release-macos-arm64 | 0.9.0 | 158.00 | NOTE | |||
r-release-macos-x86_64 | 0.9.0 | 293.00 | NOTE | |||
r-release-windows-x86_64 | 0.9.0 | 73.00 | 404.00 | 477.00 | NOTE | |
r-oldrel-macos-arm64 | 0.9.0 | 128.00 | NOTE | |||
r-oldrel-windows-x86_64 | 0.9.0 | 70.00 | 398.00 | 468.00 | OK |
Version: 0.9.0
Check: C++ specification
Result: NOTE
Specified C++11: please drop specification unless essential
Flavors: r-devel-linux-x86_64-debian-clang, r-devel-linux-x86_64-debian-gcc, r-devel-linux-x86_64-fedora-clang, r-devel-linux-x86_64-fedora-gcc, r-devel-windows-x86_64, r-patched-linux-x86_64, r-release-linux-x86_64, r-release-macos-arm64, r-release-macos-x86_64, r-release-windows-x86_64
Version: 0.9.0
Check: package subdirectories
Result: NOTE
Problems with news in ‘NEWS.md’:
Cannot extract version info from the following section titles:
clhs_0.7-2
clhs_0.7-0
clhs_0.6-0
clhs_0.5-7
clhs_0.5-6
clhs_0.5-3
clhs_0.5-2
clhs_0.5-1
clhs_0.5-0
clhs_0.4-3
clhs_0.4-2
clhs_0.4-1
clhs_0.4-0
clhs_0.3-2
clhs_0.3-1
clhs_0.3-0
clhs_0.2-1
clhs_0.2-0
clhs_0.1-0
Flavors: r-devel-linux-x86_64-debian-clang, r-devel-linux-x86_64-debian-gcc, r-devel-linux-x86_64-fedora-clang, r-devel-linux-x86_64-fedora-gcc, r-devel-windows-x86_64, r-patched-linux-x86_64, r-release-linux-x86_64, r-release-macos-arm64, r-release-macos-x86_64, r-release-windows-x86_64
Version: 0.9.0
Check: dependencies in R code
Result: NOTE
Namespace in Imports field not imported from: ‘sp’
All declared Imports should be used.
Flavors: r-devel-linux-x86_64-fedora-clang, r-devel-linux-x86_64-fedora-gcc, r-oldrel-macos-arm64