Last updated on 2024-04-23 16:58:11 CEST.
Flavor | Version | Tinstall | Tcheck | Ttotal | Status | Flags |
---|---|---|---|---|---|---|
r-devel-linux-x86_64-debian-clang | 3.2-5 | 12.77 | 106.49 | 119.26 | NOTE | |
r-devel-linux-x86_64-debian-gcc | 3.2-5 | 10.18 | 78.89 | 89.07 | NOTE | |
r-devel-linux-x86_64-fedora-clang | 3.2-5 | 156.41 | NOTE | |||
r-devel-linux-x86_64-fedora-gcc | 3.2-5 | 179.71 | NOTE | |||
r-prerel-macos-arm64 | 3.2-5 | 48.00 | NOTE | |||
r-prerel-windows-x86_64 | 3.2-5 | 13.00 | 97.00 | 110.00 | NOTE | |
r-patched-linux-x86_64 | 3.2-5 | 12.26 | 101.36 | 113.62 | NOTE | |
r-release-linux-x86_64 | 3.2-5 | 13.67 | 99.06 | 112.73 | OK | |
r-release-macos-arm64 | 3.2-5 | 51.00 | OK | |||
r-release-macos-x86_64 | 3.2-5 | 83.00 | OK | |||
r-release-windows-x86_64 | 3.2-5 | 15.00 | 113.00 | 128.00 | OK | |
r-oldrel-macos-arm64 | 3.2-5 | 41.00 | OK | |||
r-oldrel-windows-x86_64 | 3.2-5 | 15.00 | 119.00 | 134.00 | OK |
Version: 3.2-5
Check: Rd files
Result: NOTE
checkRd: (-1) cf_save_kml.Rd:68: Lost braces
68 | \code{\link{cf_find_station}} and code{vignette("choose-station")} for
| ^
Flavors: r-devel-linux-x86_64-debian-clang, r-devel-linux-x86_64-debian-gcc, r-devel-linux-x86_64-fedora-clang, r-devel-linux-x86_64-fedora-gcc, r-prerel-macos-arm64, r-prerel-windows-x86_64, r-patched-linux-x86_64