Last updated on 2023-06-05 16:54:50 CEST.
Flavor | Version | Tinstall | Tcheck | Ttotal | Status | Flags |
---|---|---|---|---|---|---|
r-devel-linux-x86_64-debian-clang | 1.1.1 | 8.75 | 65.77 | 74.52 | OK | |
r-devel-linux-x86_64-debian-gcc | 1.1.1 | 6.05 | 49.28 | 55.33 | OK | |
r-devel-linux-x86_64-fedora-clang | 1.1.1 | 93.62 | NOTE | |||
r-devel-linux-x86_64-fedora-gcc | 1.1.1 | 99.07 | NOTE | |||
r-devel-windows-x86_64 | 1.1.1 | 10.00 | 74.00 | 84.00 | OK | |
r-patched-linux-x86_64 | 1.1.1 | 7.42 | 61.29 | 68.71 | OK | |
r-release-linux-x86_64 | 1.1.1 | 6.38 | 62.05 | 68.43 | OK | |
r-release-macos-arm64 | 1.1.1 | 40.00 | OK | |||
r-release-macos-x86_64 | 1.1.0 | 53.00 | OK | |||
r-release-windows-x86_64 | 1.1.1 | 10.00 | 82.00 | 92.00 | OK | |
r-oldrel-macos-arm64 | 1.1.1 | 36.00 | OK | |||
r-oldrel-macos-x86_64 | 1.1.1 | 47.00 | OK | |||
r-oldrel-windows-x86_64 | 1.1.1 | 10.00 | 83.00 | 93.00 | OK |
Version: 1.1.1
Check: data for non-ASCII characters
Result: NOTE
Note: found 8737 marked UTF-8 strings
Flavors: r-devel-linux-x86_64-fedora-clang, r-devel-linux-x86_64-fedora-gcc