Last updated on 2023-06-02 07:55:18 CEST.
Flavor | Version | Tinstall | Tcheck | Ttotal | Status | Flags |
---|---|---|---|---|---|---|
r-devel-linux-x86_64-debian-clang | 0.5 | 6.01 | 42.72 | 48.73 | OK | |
r-devel-linux-x86_64-debian-gcc | 0.5 | 3.51 | 33.03 | 36.54 | OK | |
r-devel-linux-x86_64-fedora-clang | 0.5 | 60.64 | NOTE | |||
r-devel-linux-x86_64-fedora-gcc | 0.5 | 70.18 | OK | |||
r-devel-windows-x86_64 | 0.5 | 7.00 | 58.00 | 65.00 | NOTE | |
r-patched-linux-x86_64 | 0.5 | OK | ||||
r-release-linux-x86_64 | 0.5 | 3.65 | 40.79 | 44.44 | OK | |
r-release-macos-arm64 | 0.5 | 37.00 | NOTE | |||
r-release-macos-x86_64 | 0.5 | 42.00 | NOTE | |||
r-release-windows-x86_64 | 0.5 | 7.00 | 62.00 | 69.00 | NOTE | |
r-oldrel-macos-arm64 | 0.5 | 26.00 | NOTE | |||
r-oldrel-macos-x86_64 | 0.5 | 42.00 | NOTE | |||
r-oldrel-windows-x86_64 | 0.5 | 8.00 | 62.00 | 70.00 | NOTE |
Version: 0.5
Check: installed package size
Result: NOTE
installed size is 5.6Mb
sub-directories of 1Mb or more:
data 3.4Mb
doc 1.9Mb
Flavors: r-devel-linux-x86_64-fedora-clang, r-devel-windows-x86_64, r-release-macos-arm64, r-release-macos-x86_64, r-release-windows-x86_64, r-oldrel-macos-arm64, r-oldrel-macos-x86_64, r-oldrel-windows-x86_64