Last updated on 2024-03-28 23:55:03 CET.
Flavor | Version | Tinstall | Tcheck | Ttotal | Status | Flags |
---|---|---|---|---|---|---|
r-devel-linux-x86_64-debian-clang | 1.5.0 | 14.12 | 200.99 | 215.11 | OK | |
r-devel-linux-x86_64-debian-gcc | 1.5.0 | 11.59 | 147.86 | 159.45 | OK | |
r-devel-linux-x86_64-fedora-clang | 1.5.0 | 286.44 | NOTE | |||
r-devel-linux-x86_64-fedora-gcc | 1.5.0 | 281.11 | OK | |||
r-devel-windows-x86_64 | 1.5.0 | 15.00 | 171.00 | 186.00 | NOTE | |
r-patched-linux-x86_64 | 1.5.0 | 12.80 | 198.79 | 211.59 | OK | |
r-release-linux-x86_64 | 1.5.0 | 9.36 | 191.88 | 201.24 | OK | |
r-release-macos-arm64 | 1.5.0 | 97.00 | NOTE | |||
r-release-macos-x86_64 | 1.5.0 | 134.00 | NOTE | |||
r-release-windows-x86_64 | 1.5.0 | 18.00 | 209.00 | 227.00 | NOTE | |
r-oldrel-macos-arm64 | 1.5.0 | 93.00 | NOTE | |||
r-oldrel-windows-x86_64 | 1.5.0 | 19.00 | 203.00 | 222.00 | NOTE |
Version: 1.5.0
Check: installed package size
Result: NOTE
installed size is 5.6Mb
sub-directories of 1Mb or more:
doc 4.3Mb
Flavors: r-devel-linux-x86_64-fedora-clang, r-devel-windows-x86_64, r-release-macos-arm64, r-release-macos-x86_64, r-release-windows-x86_64, r-oldrel-macos-arm64, r-oldrel-windows-x86_64