Last updated on 2023-06-05 16:54:50 CEST.
Flavor | Version | Tinstall | Tcheck | Ttotal | Status | Flags |
---|---|---|---|---|---|---|
r-devel-linux-x86_64-debian-clang | 0.1.4 | 7.86 | 109.64 | 117.50 | OK | |
r-devel-linux-x86_64-debian-gcc | 0.1.4 | 6.67 | 81.38 | 88.05 | OK | |
r-devel-linux-x86_64-fedora-clang | 0.1.4 | 146.35 | NOTE | |||
r-devel-linux-x86_64-fedora-gcc | 0.1.4 | 152.15 | OK | |||
r-devel-windows-x86_64 | 0.1.4 | 8.00 | 113.00 | 121.00 | NOTE | |
r-patched-linux-x86_64 | 0.1.4 | 11.90 | 102.05 | 113.95 | OK | |
r-release-linux-x86_64 | 0.1.4 | 5.37 | 104.00 | 109.37 | OK | |
r-release-macos-arm64 | 0.1.4 | 58.00 | NOTE | |||
r-release-macos-x86_64 | 0.1.4 | 84.00 | NOTE | |||
r-release-windows-x86_64 | 0.1.4 | 12.00 | 135.00 | 147.00 | NOTE | |
r-oldrel-macos-arm64 | 0.1.4 | 51.00 | NOTE | |||
r-oldrel-macos-x86_64 | 0.1.4 | 65.00 | NOTE | |||
r-oldrel-windows-x86_64 | 0.1.4 | 11.00 | 133.00 | 144.00 | NOTE |
Version: 0.1.4
Check: installed package size
Result: NOTE
installed size is 6.5Mb
sub-directories of 1Mb or more:
doc 5.4Mb
Flavors: r-devel-linux-x86_64-fedora-clang, r-devel-windows-x86_64, r-release-macos-arm64, r-release-macos-x86_64, r-release-windows-x86_64, r-oldrel-macos-arm64, r-oldrel-macos-x86_64, r-oldrel-windows-x86_64