CRAN Package Check Results for Package clinUtils

Last updated on 2024-04-17 16:53:02 CEST.

Flavor Version Tinstall Tcheck Ttotal Status Flags
r-devel-linux-x86_64-debian-clang 0.1.4 8.96 118.06 127.02 NOTE
r-devel-linux-x86_64-debian-gcc 0.1.4 5.87 84.77 90.64 ERROR
r-devel-linux-x86_64-fedora-clang 0.1.4 168.99 NOTE
r-devel-linux-x86_64-fedora-gcc 0.1.4 184.82 NOTE
r-prerel-macos-arm64 0.1.4 51.00 NOTE
r-prerel-windows-x86_64 0.1.4 9.00 108.00 117.00 NOTE
r-patched-linux-x86_64 0.1.4 13.54 116.55 130.09 NOTE
r-release-linux-x86_64 0.1.4 5.19 114.89 120.08 OK
r-release-macos-arm64 0.1.4 58.00 NOTE
r-release-macos-x86_64 0.1.4 84.00 NOTE
r-release-windows-x86_64 0.1.4 13.00 129.00 142.00 NOTE
r-oldrel-macos-arm64 0.1.4 51.00 NOTE
r-oldrel-windows-x86_64 0.1.4 13.00 129.00 142.00 NOTE

Check Details

Version: 0.1.4
Check: Rd files
Result: NOTE checkRd: (-1) clinColors.Rd:26: Lost braces in \itemize; meant \describe ? checkRd: (-1) clinColors.Rd:27: Lost braces in \itemize; meant \describe ? checkRd: (-1) clinColors.Rd:28: Lost braces in \itemize; meant \describe ? checkRd: (-1) clinColors.Rd:29: Lost braces in \itemize; meant \describe ? checkRd: (-1) clinColors.Rd:30: Lost braces in \itemize; meant \describe ? checkRd: (-1) clinColors.Rd:31: Lost braces in \itemize; meant \describe ? checkRd: (-1) clinColors.Rd:32: Lost braces in \itemize; meant \describe ? checkRd: (-1) clinColors.Rd:33: Lost braces in \itemize; meant \describe ? checkRd: (-1) colorPaletteNRIND.Rd:12: Lost braces in \itemize; meant \describe ? checkRd: (-1) colorPaletteNRIND.Rd:13: Lost braces in \itemize; meant \describe ? checkRd: (-1) colorPaletteNRIND.Rd:14: Lost braces in \itemize; meant \describe ? checkRd: (-1) colorPaletteNRIND.Rd:15: Lost braces in \itemize; meant \describe ? checkRd: (-1) colorPaletteNRIND.Rd:16: Lost braces in \itemize; meant \describe ? checkRd: (-1) colorPaletteNRIND.Rd:17: Lost braces in \itemize; meant \describe ? checkRd: (-1) compareDiff.Rd:31-40: Lost braces in \itemize; \value handles \item{}{} directly checkRd: (-1) compareDiff.Rd:34-35: Lost braces in \itemize; \value handles \item{}{} directly checkRd: (-1) compareDiff.Rd:36-37: Lost braces in \itemize; \value handles \item{}{} directly checkRd: (-1) compareDiff.Rd:38-39: Lost braces in \itemize; \value handles \item{}{} directly checkRd: (-1) compareDiff.Rd:41-42: Lost braces in \itemize; \value handles \item{}{} directly checkRd: (-1) compareTables.Rd:35-36: Lost braces in \itemize; meant \describe ? checkRd: (-1) compareTables.Rd:37-38: Lost braces in \itemize; meant \describe ? checkRd: (-1) compareTables.Rd:39-41: Lost braces in \itemize; meant \describe ? checkRd: (-1) compareTables.Rd:42-44: Lost braces in \itemize; meant \describe ? checkRd: (-1) comparisonTables-common-args.Rd:26-27: Lost braces in \itemize; meant \describe ? checkRd: (-1) comparisonTables-common-args.Rd:28-29: Lost braces in \itemize; meant \describe ? checkRd: (-1) comparisonTables-common-args.Rd:30-32: Lost braces in \itemize; meant \describe ? checkRd: (-1) comparisonTables-common-args.Rd:33-35: Lost braces in \itemize; meant \describe ? checkRd: (-1) exportDiffData.Rd:51-64: Lost braces in \itemize; \value handles \item{}{} directly checkRd: (-1) formatVarForPlotLabel.Rd:26: Lost braces 26 | \item{width}{max number of characters in the code{paramVar} parameter.} | ^ checkRd: (-1) getClinDTButtons.Rd:17-31: Lost braces in \itemize; meant \describe ? checkRd: (-1) getClinDTButtons.Rd:32-40: Lost braces in \itemize; meant \describe ? checkRd: (-1) getLabelVar.Rd:28-29: Lost braces in \enumerate; meant \describe ? checkRd: (-1) getLabelVar.Rd:30-31: Lost braces in \enumerate; meant \describe ? checkRd: (-1) getLabelVar.Rd:32-33: Lost braces in \enumerate; meant \describe ? checkRd: (-1) getPaletteCDISC.Rd:17: Lost braces in \itemize; meant \describe ? checkRd: (-1) getPaletteCDISC.Rd:22: Lost braces in \itemize; meant \describe ? checkRd: (-1) mergeDiffWithData.Rd:23-25: Lost braces in \itemize; \value handles \item{}{} directly checkRd: (-1) mergeDiffWithData.Rd:26: Lost braces in \itemize; \value handles \item{}{} directly checkRd: (-1) mergeDiffWithData.Rd:27: Lost braces in \itemize; \value handles \item{}{} directly checkRd: (-1) mergeDiffWithData.Rd:28-29: Lost braces in \itemize; \value handles \item{}{} directly checkRd: (-1) shapePaletteNRIND.Rd:12: Lost braces in \itemize; meant \describe ? checkRd: (-1) shapePaletteNRIND.Rd:13: Lost braces in \itemize; meant \describe ? checkRd: (-1) shapePaletteNRIND.Rd:14: Lost braces in \itemize; meant \describe ? checkRd: (-1) shapePaletteNRIND.Rd:15: Lost braces in \itemize; meant \describe ? checkRd: (-1) shapePaletteNRIND.Rd:16: Lost braces in \itemize; meant \describe ? checkRd: (-1) shapePaletteNRIND.Rd:17: Lost braces in \itemize; meant \describe ? Flavors: r-devel-linux-x86_64-debian-clang, r-devel-linux-x86_64-debian-gcc, r-devel-linux-x86_64-fedora-clang, r-devel-linux-x86_64-fedora-gcc, r-prerel-macos-arm64, r-prerel-windows-x86_64, r-patched-linux-x86_64

Version: 0.1.4
Check: re-building of vignette outputs
Result: ERROR Error(s) in re-building vignettes: ... --- re-building ‘clinUtils-vignette.Rmd’ using rmarkdown ** Processing: /home/hornik/tmp/scratch/Rtmpm3BLFD/./figures_vignette/palette-plot-1.png 1344x1536 pixels, 3x8 bits/pixel, RGB Input IDAT size = 57165 bytes Input file size = 57315 bytes Trying: zc = 9 zm = 8 zs = 0 f = 0 IDAT size = 47105 zc = 9 zm = 8 zs = 1 f = 0 zc = 1 zm = 8 zs = 2 f = 0 zc = 9 zm = 8 zs = 3 f = 0 zc = 9 zm = 8 zs = 0 f = 5 zc = 9 zm = 8 zs = 1 f = 5 zc = 1 zm = 8 zs = 2 f = 5 zc = 9 zm = 8 zs = 3 f = 5 Selecting parameters: zc = 9 zm = 8 zs = 0 f = 0 IDAT size = 47105 Output IDAT size = 47105 bytes (10060 bytes decrease) Output file size = 47183 bytes (10132 bytes = 17.68% decrease) ** Processing: /home/hornik/tmp/scratch/Rtmpm3BLFD/./figures_vignette/getPaletteCDISC-1.png 1344x960 pixels, 3x8 bits/pixel, RGB Input IDAT size = 37579 bytes Input file size = 37705 bytes Trying: zc = 9 zm = 8 zs = 0 f = 0 zc = 9 zm = 8 zs = 1 f = 0 zc = 1 zm = 8 zs = 2 f = 0 zc = 9 zm = 8 zs = 3 f = 0 zc = 9 zm = 8 zs = 0 f = 5 IDAT size = 34036 zc = 9 zm = 8 zs = 1 f = 5 zc = 1 zm = 8 zs = 2 f = 5 zc = 9 zm = 8 zs = 3 f = 5 Selecting parameters: zc = 9 zm = 8 zs = 0 f = 5 IDAT size = 34036 Output IDAT size = 34036 bytes (3543 bytes decrease) Output file size = 34114 bytes (3591 bytes = 9.52% decrease) ** Processing: /home/hornik/tmp/scratch/Rtmpm3BLFD/./figures_vignette/getPaletteCDISC-2.png 1344x960 pixels, 3x8 bits/pixel, RGB Input IDAT size = 50513 bytes Input file size = 50663 bytes Trying: zc = 9 zm = 8 zs = 0 f = 0 IDAT size = 48374 zc = 9 zm = 8 zs = 1 f = 0 zc = 1 zm = 8 zs = 2 f = 0 zc = 9 zm = 8 zs = 3 f = 0 zc = 9 zm = 8 zs = 0 f = 5 IDAT size = 46761 zc = 9 zm = 8 zs = 1 f = 5 zc = 1 zm = 8 zs = 2 f = 5 zc = 9 zm = 8 zs = 3 f = 5 Selecting parameters: zc = 9 zm = 8 zs = 0 f = 5 IDAT size = 46761 Output IDAT size = 46761 bytes (3752 bytes decrease) Output file size = 46839 bytes (3824 bytes = 7.55% decrease) ** Processing: /home/hornik/tmp/scratch/Rtmpm3BLFD/./figures_vignette/palettes-1.png 1344x960 pixels, 3x8 bits/pixel, RGB Input IDAT size = 123840 bytes Input file size = 124098 bytes Trying: zc = 9 zm = 8 zs = 0 f = 0 IDAT size = 105019 zc = 9 zm = 8 zs = 1 f = 0 zc = 1 zm = 8 zs = 2 f = 0 zc = 9 zm = 8 zs = 3 f = 0 zc = 9 zm = 8 zs = 0 f = 5 zc = 9 zm = 8 zs = 1 f = 5 zc = 1 zm = 8 zs = 2 f = 5 zc = 9 zm = 8 zs = 3 f = 5 Selecting parameters: zc = 9 zm = 8 zs = 0 f = 0 IDAT size = 105019 Output IDAT size = 105019 bytes (18821 bytes decrease) Output file size = 105097 bytes (19001 bytes = 15.31% decrease) ** Processing: /home/hornik/tmp/scratch/Rtmpm3BLFD/./figures_vignette/lab-hist-static1-1.png 1344x768 pixels, 3x8 bits/pixel, RGB Input IDAT size = 55422 bytes Input file size = 55572 bytes Trying: zc = 9 zm = 8 zs = 0 f = 0 IDAT size = 46794 zc = 9 zm = 8 zs = 1 f = 0 zc = 1 zm = 8 zs = 2 f = 0 zc = 9 zm = 8 zs = 3 f = 0 zc = 9 zm = 8 zs = 0 f = 5 zc = 9 zm = 8 zs = 1 f = 5 zc = 1 zm = 8 zs = 2 f = 5 zc = 9 zm = 8 zs = 3 f = 5 Selecting parameters: zc = 9 zm = 8 zs = 0 f = 0 IDAT size = 46794 Output IDAT size = 46794 bytes (8628 bytes decrease) Output file size = 46872 bytes (8700 bytes = 15.66% decrease) ** Processing: /home/hornik/tmp/scratch/Rtmpm3BLFD/./figures_vignette/lab-hist-static2-1.png 576x768 pixels, 3x8 bits/pixel, RGB Input IDAT size = 33936 bytes Input file size = 34062 bytes Trying: zc = 9 zm = 8 zs = 0 f = 0 IDAT size = 26094 zc = 9 zm = 8 zs = 1 f = 0 zc = 1 zm = 8 zs = 2 f = 0 zc = 9 zm = 8 zs = 3 f = 0 zc = 9 zm = 8 zs = 0 f = 5 zc = 9 zm = 8 zs = 1 f = 5 zc = 1 zm = 8 zs = 2 f = 5 zc = 9 zm = 8 zs = 3 f = 5 Selecting parameters: zc = 9 zm = 8 zs = 0 f = 0 IDAT size = 26094 Output IDAT size = 26094 bytes (7842 bytes decrease) Output file size = 26172 bytes (7890 bytes = 23.16% decrease) ** Processing: /home/hornik/tmp/scratch/Rtmpm3BLFD/./figures_vignette/lab-hist-static3-1.png 960x768 pixels, 3x8 bits/pixel, RGB Input IDAT size = 44767 bytes Input file size = 44905 bytes Trying: zc = 9 zm = 8 zs = 0 f = 0 IDAT size = 36589 zc = 9 zm = 8 zs = 1 f = 0 zc = 1 zm = 8 zs = 2 f = 0 zc = 9 zm = 8 zs = 3 f = 0 zc = 9 zm = 8 zs = 0 f = 5 zc = 9 zm = 8 zs = 1 f = 5 zc = 1 zm = 8 zs = 2 f = 5 zc = 9 zm = 8 zs = 3 f = 5 Selecting parameters: zc = 9 zm = 8 zs = 0 f = 0 IDAT size = 36589 Output IDAT size = 36589 bytes (8178 bytes decrease) Output file size = 36667 bytes (8238 bytes = 18.35% decrease) Quitting from lines at lines 442-448 [figure-interactive-creation] (clinUtils-vignette.Rmd) Error: processing vignette 'clinUtils-vignette.Rmd' failed with diagnostics: HTTP error 503. --- failed re-building ‘clinUtils-vignette.Rmd’ SUMMARY: processing the following file failed: ‘clinUtils-vignette.Rmd’ Error: Vignette re-building failed. Execution halted Flavor: r-devel-linux-x86_64-debian-gcc

Version: 0.1.4
Check: installed package size
Result: NOTE installed size is 6.5Mb sub-directories of 1Mb or more: doc 5.4Mb Flavors: r-devel-linux-x86_64-fedora-clang, r-prerel-macos-arm64, r-prerel-windows-x86_64, r-release-macos-arm64, r-release-macos-x86_64, r-release-windows-x86_64, r-oldrel-macos-arm64, r-oldrel-windows-x86_64