Last updated on 2024-04-24 00:55:38 CEST.
Flavor | Version | Tinstall | Tcheck | Ttotal | Status | Flags |
---|---|---|---|---|---|---|
r-devel-linux-x86_64-debian-clang | 1.0.2 | 2.60 | 32.75 | 35.35 | NOTE | |
r-devel-linux-x86_64-debian-gcc | 1.0.2 | 2.12 | 24.97 | 27.09 | NOTE | |
r-devel-linux-x86_64-fedora-clang | 1.0.2 | 46.34 | NOTE | |||
r-devel-linux-x86_64-fedora-gcc | 1.0.2 | 47.08 | NOTE | |||
r-prerel-macos-arm64 | 1.0.2 | 19.00 | NOTE | |||
r-prerel-windows-x86_64 | 1.0.2 | 3.00 | 45.00 | 48.00 | NOTE | |
r-patched-linux-x86_64 | 1.0.2 | 2.15 | 31.68 | 33.83 | NOTE | |
r-release-linux-x86_64 | 1.0.2 | 2.99 | 31.58 | 34.57 | NOTE | |
r-release-macos-arm64 | 1.0.2 | 19.00 | NOTE | |||
r-release-macos-x86_64 | 1.0.2 | 25.00 | NOTE | |||
r-release-windows-x86_64 | 1.0.2 | 4.00 | 48.00 | 52.00 | NOTE | |
r-oldrel-macos-arm64 | 1.0.2 | 20.00 | NOTE | |||
r-oldrel-windows-x86_64 | 1.0.2 | 4.00 | 52.00 | 56.00 | NOTE |
Version: 1.0.2
Check: LazyData
Result: NOTE
'LazyData' is specified without a 'data' directory
Flavors: r-devel-linux-x86_64-debian-clang, r-devel-linux-x86_64-debian-gcc, r-devel-linux-x86_64-fedora-clang, r-devel-linux-x86_64-fedora-gcc, r-prerel-macos-arm64, r-prerel-windows-x86_64, r-patched-linux-x86_64, r-release-linux-x86_64, r-release-macos-arm64, r-release-macos-x86_64, r-release-windows-x86_64, r-oldrel-macos-arm64, r-oldrel-windows-x86_64