Last updated on 2024-03-28 15:49:43 CET.
Flavor | Version | Tinstall | Tcheck | Ttotal | Status | Flags |
---|---|---|---|---|---|---|
r-devel-linux-x86_64-debian-clang | 0.7.0 | 214.78 | 251.78 | 466.56 | OK | |
r-devel-linux-x86_64-debian-gcc | 0.7.0 | 155.03 | 187.77 | 342.80 | OK | |
r-devel-linux-x86_64-fedora-clang | 0.7.0 | 552.12 | OK | |||
r-devel-linux-x86_64-fedora-gcc | 0.7.0 | 611.01 | OK | |||
r-devel-windows-x86_64 | 0.7.0 | 146.00 | 255.00 | 401.00 | OK | |
r-patched-linux-x86_64 | 0.7.0 | 185.58 | 241.36 | 426.94 | OK | |
r-release-linux-x86_64 | 0.7.0 | 186.97 | 244.61 | 431.58 | OK | |
r-release-macos-arm64 | 0.7.0 | 156.00 | NOTE | |||
r-release-macos-x86_64 | 0.7.0 | 320.00 | NOTE | |||
r-release-windows-x86_64 | 0.7.0 | 176.00 | 317.00 | 493.00 | OK | |
r-oldrel-macos-arm64 | 0.7.0 | 156.00 | NOTE | |||
r-oldrel-windows-x86_64 | 0.7.0 | 166.00 | 273.00 | 439.00 | OK |
Version: 0.7.0
Check: installed package size
Result: NOTE
installed size is 17.1Mb
sub-directories of 1Mb or more:
libs 15.2Mb
Flavors: r-release-macos-arm64, r-release-macos-x86_64, r-oldrel-macos-arm64