Last updated on 2024-03-28 23:55:03 CET.
Flavor | Version | Tinstall | Tcheck | Ttotal | Status | Flags |
---|---|---|---|---|---|---|
r-devel-linux-x86_64-debian-clang | 1.1 | 20.29 | 44.82 | 65.11 | OK | |
r-devel-linux-x86_64-debian-gcc | 1.1 | 14.55 | 33.39 | 47.94 | OK | |
r-devel-linux-x86_64-fedora-clang | 1.1 | 86.64 | NOTE | |||
r-devel-linux-x86_64-fedora-gcc | 1.1 | 84.35 | NOTE | |||
r-devel-windows-x86_64 | 1.1 | 16.00 | 85.00 | 101.00 | OK | |
r-patched-linux-x86_64 | 1.1 | 21.33 | 43.19 | 64.52 | OK | |
r-release-linux-x86_64 | 1.1 | 20.24 | 44.07 | 64.31 | OK | |
r-release-macos-arm64 | 1.1 | 26.00 | OK | |||
r-release-macos-x86_64 | 1.1 | 42.00 | OK | |||
r-release-windows-x86_64 | 1.1 | 19.00 | 120.00 | 139.00 | OK | |
r-oldrel-macos-arm64 | 1.1 | 25.00 | OK | |||
r-oldrel-windows-x86_64 | 1.1 | 20.00 | 93.00 | 113.00 | OK |
Version: 1.1
Check: compiled code
Result: NOTE
File ‘clogitboost/libs/clogitboost.so’:
Found no calls to: ‘R_registerRoutines’, ‘R_useDynamicSymbols’
It is good practice to register native routines and to disable symbol
search.
See ‘Writing portable packages’ in the ‘Writing R Extensions’ manual.
Flavors: r-devel-linux-x86_64-fedora-clang, r-devel-linux-x86_64-fedora-gcc