Last updated on 2024-04-18 01:02:46 CEST.
Flavor | Version | Tinstall | Tcheck | Ttotal | Status | Flags |
---|---|---|---|---|---|---|
r-devel-linux-x86_64-debian-clang | 0.6.1 | 4.94 | 39.43 | 44.37 | NOTE | |
r-devel-linux-x86_64-debian-gcc | 0.6.1 | 3.37 | 30.44 | 33.81 | NOTE | |
r-devel-linux-x86_64-fedora-clang | 0.6.1 | 58.96 | NOTE | |||
r-devel-linux-x86_64-fedora-gcc | 0.6.1 | 81.90 | NOTE | |||
r-prerel-macos-arm64 | 0.6.1 | 34.00 | NOTE | |||
r-prerel-windows-x86_64 | 0.6.1 | 6.00 | 54.00 | 60.00 | NOTE | |
r-patched-linux-x86_64 | 0.6.1 | 6.46 | 39.40 | 45.86 | NOTE | |
r-release-linux-x86_64 | 0.6.1 | 4.84 | 37.56 | 42.40 | NOTE | |
r-release-macos-arm64 | 0.6.1 | 34.00 | NOTE | |||
r-release-macos-x86_64 | 0.6.1 | 45.00 | NOTE | |||
r-release-windows-x86_64 | 0.6.1 | 6.00 | 57.00 | 63.00 | NOTE | |
r-oldrel-macos-arm64 | 0.6.1 | 26.00 | NOTE | |||
r-oldrel-windows-x86_64 | 0.6.1 | 7.00 | 60.00 | 67.00 | NOTE |
Version: 0.6.1
Check: LazyData
Result: NOTE
'LazyData' is specified without a 'data' directory
Flavors: r-devel-linux-x86_64-debian-clang, r-devel-linux-x86_64-debian-gcc, r-devel-linux-x86_64-fedora-clang, r-devel-linux-x86_64-fedora-gcc, r-prerel-macos-arm64, r-prerel-windows-x86_64, r-patched-linux-x86_64, r-release-linux-x86_64, r-release-macos-arm64, r-release-macos-x86_64, r-release-windows-x86_64, r-oldrel-macos-arm64, r-oldrel-windows-x86_64