Last updated on 2024-03-27 23:59:40 CET.
Flavor | Version | Tinstall | Tcheck | Ttotal | Status | Flags |
---|---|---|---|---|---|---|
r-devel-linux-x86_64-debian-clang | 0.4.0 | 7.50 | 58.08 | 65.58 | NOTE | |
r-devel-linux-x86_64-debian-gcc | 0.4.0 | 6.18 | 44.83 | 51.01 | NOTE | |
r-devel-linux-x86_64-fedora-clang | 0.4.0 | 89.04 | NOTE | |||
r-devel-linux-x86_64-fedora-gcc | 0.4.0 | 82.16 | NOTE | |||
r-devel-windows-x86_64 | 0.4.0 | 8.00 | 63.00 | 71.00 | NOTE | |
r-patched-linux-x86_64 | 0.4.0 | 7.40 | 57.03 | 64.43 | OK | |
r-release-linux-x86_64 | 0.4.0 | 7.39 | 56.76 | 64.15 | OK | |
r-release-macos-arm64 | 0.4.0 | 27.00 | OK | |||
r-release-macos-x86_64 | 0.4.0 | 42.00 | OK | |||
r-release-windows-x86_64 | 0.4.0 | 10.00 | 70.00 | 80.00 | OK | |
r-oldrel-macos-arm64 | 0.4.0 | 22.00 | OK | |||
r-oldrel-windows-x86_64 | 0.4.0 | 13.00 | 73.00 | 86.00 | OK |
Version: 0.4.0
Check: Rd files
Result: NOTE
checkRd: (-1) cb_participant_count.Rd:13: Lost braces
13 | \item{query}{A phenotype query defined using the code{\link{phenotype}} function and logic operators (see example below)}
| ^
checkRd: (-1) phenotype.Rd:10: Lost braces
10 | \item{id}{A single phenotype id. Possible phenotyoes can be explored using the code{\link{cb_search_phenotypes}} function}
| ^
Flavors: r-devel-linux-x86_64-debian-clang, r-devel-linux-x86_64-debian-gcc, r-devel-linux-x86_64-fedora-clang, r-devel-linux-x86_64-fedora-gcc, r-devel-windows-x86_64