Last updated on 2022-05-25 08:58:45 CEST.
Flavor | Version | Tinstall | Tcheck | Ttotal | Status | Flags |
---|---|---|---|---|---|---|
r-devel-linux-x86_64-debian-clang | 0.3-60 | 12.74 | 92.61 | 105.35 | OK | |
r-devel-linux-x86_64-debian-gcc | 0.3-60 | 8.28 | 68.21 | 76.49 | OK | |
r-devel-linux-x86_64-fedora-clang | 0.3-60 | 127.19 | NOTE | |||
r-devel-linux-x86_64-fedora-gcc | 0.3-60 | 117.88 | OK | |||
r-devel-windows-x86_64 | 0.3-60 | 65.00 | 142.00 | 207.00 | OK | |
r-patched-linux-x86_64 | 0.3-60 | 11.64 | 85.20 | 96.84 | OK | |
r-release-linux-x86_64 | 0.3-60 | OK | ||||
r-release-macos-arm64 | 0.3-60 | 38.00 | OK | |||
r-release-macos-x86_64 | 0.3-60 | 58.00 | OK | |||
r-release-windows-x86_64 | 0.3-60 | 71.00 | 143.00 | 214.00 | OK | |
r-oldrel-macos-arm64 | 0.3-60 | 53.00 | OK | |||
r-oldrel-macos-x86_64 | 0.3-60 | 55.00 | OK | |||
r-oldrel-windows-ix86+x86_64 | 0.3-60 | 23.00 | 125.00 | 148.00 | OK |
Version: 0.3-60
Check: Rd cross-references
Result: NOTE
Undeclared packages ‘mlbench’, ‘fpc’ in Rd xrefs
Flavor: r-devel-linux-x86_64-fedora-clang