Last updated on 2023-11-30 08:49:49 CET.
Flavor | Version | Tinstall | Tcheck | Ttotal | Status | Flags |
---|---|---|---|---|---|---|
r-devel-linux-x86_64-debian-clang | 0.3-65 | 12.48 | 87.55 | 100.03 | OK | |
r-devel-linux-x86_64-debian-gcc | 0.3-65 | 7.94 | 65.66 | 73.60 | OK | |
r-devel-linux-x86_64-fedora-clang | 0.3-65 | 121.68 | NOTE | |||
r-devel-linux-x86_64-fedora-gcc | 0.3-65 | 129.20 | OK | |||
r-devel-windows-x86_64 | 0.3-65 | 11.00 | 117.00 | 128.00 | OK | |
r-patched-linux-x86_64 | 0.3-65 | 11.32 | 83.15 | 94.47 | OK | |
r-release-linux-x86_64 | 0.3-65 | 9.68 | 82.22 | 91.90 | OK | |
r-release-macos-arm64 | 0.3-65 | 63.00 | OK | |||
r-release-macos-x86_64 | 0.3-65 | 154.00 | OK | |||
r-release-windows-x86_64 | 0.3-65 | 13.00 | 119.00 | 132.00 | OK | |
r-oldrel-macos-arm64 | 0.3-65 | 58.00 | OK | |||
r-oldrel-macos-x86_64 | 0.3-65 | 92.00 | OK | |||
r-oldrel-windows-x86_64 | 0.3-65 | 17.00 | 124.00 | 141.00 | OK |
Version: 0.3-65
Check: Rd cross-references
Result: NOTE
Undeclared packages ‘mlbench’, ‘fpc’ in Rd xrefs
Flavor: r-devel-linux-x86_64-fedora-clang