CRAN Package Check Results for Package clue

Last updated on 2021-11-30 08:50:52 CET.

Flavor Version Tinstall Tcheck Ttotal Status Flags
r-devel-linux-x86_64-debian-clang 0.3-60 10.32 76.11 86.43 OK
r-devel-linux-x86_64-debian-gcc 0.3-60 8.17 57.70 65.87 OK
r-devel-linux-x86_64-fedora-clang 0.3-60 118.55 NOTE
r-devel-linux-x86_64-fedora-gcc 0.3-60 105.79 OK
r-devel-windows-x86_64-new-UL 0.3-60 31.00 155.00 186.00 OK
r-devel-windows-x86_64-new-TK 0.3-60 OK
r-devel-windows-x86_64-old 0.3-60 17.00 78.00 95.00 OK
r-patched-linux-x86_64 0.3-60 11.10 73.46 84.56 OK
r-patched-solaris-x86 0.3-60 149.90 NOTE
r-release-linux-x86_64 0.3-60 9.05 73.58 82.63 OK
r-release-macos-arm64 0.3-60 OK
r-release-macos-x86_64 0.3-60 OK
r-release-windows-ix86+x86_64 0.3-60 22.00 96.00 118.00 OK
r-oldrel-macos-x86_64 0.3-60 OK
r-oldrel-windows-ix86+x86_64 0.3-60 17.00 120.00 137.00 OK

Check Details

Version: 0.3-60
Check: Rd cross-references
Result: NOTE
    Undeclared packages ‘mlbench’, ‘fpc’ in Rd xrefs
Flavor: r-devel-linux-x86_64-fedora-clang

Version: 0.3-60
Check: package dependencies
Result: NOTE
    Package which this enhances but not available for checking: ‘RWeka’
Flavor: r-patched-solaris-x86