Last updated on 2023-06-05 16:54:50 CEST.
Flavor | Version | Tinstall | Tcheck | Ttotal | Status | Flags |
---|---|---|---|---|---|---|
r-devel-linux-x86_64-debian-clang | 0.2.0 | 2.96 | 137.56 | 140.52 | OK | |
r-devel-linux-x86_64-debian-gcc | 0.2.0 | 2.40 | 102.96 | 105.36 | OK | |
r-devel-linux-x86_64-fedora-clang | 0.2.0 | 169.57 | OK | |||
r-devel-linux-x86_64-fedora-gcc | 0.2.0 | 176.12 | OK | |||
r-devel-windows-x86_64 | 0.2.0 | 4.00 | 125.00 | 129.00 | OK | |
r-patched-linux-x86_64 | 0.2.0 | 3.62 | 129.49 | 133.11 | OK | |
r-release-linux-x86_64 | 0.2.0 | 2.96 | 131.90 | 134.86 | OK | |
r-release-macos-arm64 | 0.2.0 | 53.00 | OK | |||
r-release-macos-x86_64 | 0.2.0 | 92.00 | OK | |||
r-release-windows-x86_64 | 0.2.0 | 5.00 | 162.00 | 167.00 | OK | |
r-oldrel-macos-arm64 | 0.2.0 | 89.00 | ERROR | |||
r-oldrel-macos-x86_64 | 0.2.0 | 106.00 | ERROR | |||
r-oldrel-windows-x86_64 | 0.2.0 | 6.00 | 151.00 | 157.00 | OK |
Version: 0.2.0
Check: PDF version of manual
Result: WARN
LaTeX errors when creating PDF version.
This typically indicates Rd problems.
LaTeX errors found:
! Undefined control sequence.
<argument> ...{C}=c\mathbf {U}\cdot \operatorname
{diag}(\mathbf {s}) + \mat...
l.149 \mathbf{1}\,\mathbf{o}^T}{}
Flavors: r-oldrel-macos-arm64, r-oldrel-macos-x86_64
Version: 0.2.0
Check: PDF version of manual without index
Result: ERROR
Flavors: r-oldrel-macos-arm64, r-oldrel-macos-x86_64