CRAN Package Check Results for Package cluscov

Last updated on 2024-05-28 08:54:29 CEST.

Flavor Version Tinstall Tcheck Ttotal Status Flags
r-devel-linux-x86_64-debian-clang 1.1.0 4.27 33.38 37.65 NOTE
r-devel-linux-x86_64-debian-gcc 1.1.0 3.28 24.51 27.79 NOTE
r-devel-linux-x86_64-fedora-clang 1.1.0 45.33 NOTE
r-devel-linux-x86_64-fedora-gcc 1.1.0 44.53 NOTE
r-devel-windows-x86_64 1.1.0 8.00 51.00 59.00 NOTE
r-patched-linux-x86_64 1.1.0 4.43 31.54 35.97 NOTE
r-release-linux-x86_64 1.1.0 3.12 30.71 33.83 NOTE
r-release-macos-arm64 1.1.0 19.00 NOTE
r-release-windows-x86_64 1.1.0 7.00 50.00 57.00 NOTE
r-oldrel-macos-arm64 1.1.0 19.00 NOTE
r-oldrel-macos-x86_64 1.1.0 27.00 NOTE
r-oldrel-windows-x86_64 1.1.0 7.00 54.00 61.00 NOTE

Check Details

Version: 1.1.0
Check: package subdirectories
Result: NOTE Problems with news in ‘NEWS.md’: No news entries found. Flavors: r-devel-linux-x86_64-debian-clang, r-devel-linux-x86_64-debian-gcc, r-devel-linux-x86_64-fedora-clang, r-devel-linux-x86_64-fedora-gcc, r-devel-windows-x86_64, r-patched-linux-x86_64, r-release-linux-x86_64, r-release-macos-arm64, r-release-windows-x86_64, r-oldrel-macos-arm64, r-oldrel-macos-x86_64, r-oldrel-windows-x86_64

Version: 1.1.0
Check: LazyData
Result: NOTE 'LazyData' is specified without a 'data' directory Flavors: r-devel-linux-x86_64-debian-clang, r-devel-linux-x86_64-debian-gcc, r-devel-linux-x86_64-fedora-clang, r-devel-linux-x86_64-fedora-gcc, r-devel-windows-x86_64, r-patched-linux-x86_64, r-release-linux-x86_64, r-release-macos-arm64, r-release-windows-x86_64, r-oldrel-macos-arm64, r-oldrel-macos-x86_64, r-oldrel-windows-x86_64