Last updated on 2023-12-10 08:48:20 CET.
Flavor | Version | Tinstall | Tcheck | Ttotal | Status | Flags |
---|---|---|---|---|---|---|
r-devel-linux-x86_64-debian-clang | 0.5.4 | 94.05 | 86.54 | 180.59 | NOTE | |
r-devel-linux-x86_64-debian-gcc | 0.5.4 | 66.55 | 65.79 | 132.34 | NOTE | |
r-devel-linux-x86_64-fedora-clang | 0.5.4 | 264.64 | NOTE | |||
r-devel-linux-x86_64-fedora-gcc | 0.5.4 | 258.65 | NOTE | |||
r-devel-windows-x86_64 | 0.5.4 | 76.00 | 105.00 | 181.00 | NOTE | |
r-patched-linux-x86_64 | 0.5.4 | 76.08 | 83.92 | 160.00 | OK | |
r-release-linux-x86_64 | 0.5.4 | 79.25 | 83.09 | 162.34 | OK | |
r-release-macos-arm64 | 0.5.4 | 75.00 | OK | |||
r-release-macos-x86_64 | 0.5.4 | 94.00 | OK | |||
r-release-windows-x86_64 | 0.5.4 | 93.00 | 129.00 | 222.00 | OK | |
r-oldrel-macos-arm64 | 0.5.4 | 66.00 | OK | |||
r-oldrel-macos-x86_64 | 0.5.4 | 87.00 | OK | |||
r-oldrel-windows-x86_64 | 0.5.4 | 85.00 | 122.00 | 207.00 | OK |
Version: 0.5.4
Check: Rd files
Result: NOTE
checkRd: (-1) estimate_H_fractions.Rd:5: Lost braces; missing escapes or markup?
5 | \title{Estimates |H_i|/|H_{i+1}| for the first r rows}
| ^
Flavors: r-devel-linux-x86_64-debian-clang, r-devel-linux-x86_64-debian-gcc
Version: 0.5.4
Check: Rd \usage sections
Result: NOTE
Documented arguments not in \usage in Rd file 'auxiliary_functions.Rd':
‘edelist’
Functions with \usage entries need to have the appropriate \alias
entries, and all their arguments documented.
The \usage entries must correspond to syntactically valid R code.
See chapter ‘Writing R documentation files’ in the ‘Writing R
Extensions’ manual.
Flavors: r-devel-linux-x86_64-debian-clang, r-devel-linux-x86_64-debian-gcc, r-devel-linux-x86_64-fedora-clang, r-devel-linux-x86_64-fedora-gcc, r-devel-windows-x86_64