Last updated on 2023-12-08 16:54:03 CET.
Flavor | Version | Tinstall | Tcheck | Ttotal | Status | Flags |
---|---|---|---|---|---|---|
r-devel-linux-x86_64-debian-clang | 0.1-0 | 27.97 | 203.96 | 231.93 | OK | |
r-devel-linux-x86_64-debian-gcc | 0.1-0 | 21.21 | 145.77 | 166.98 | OK | |
r-devel-linux-x86_64-fedora-clang | 0.1-0 | 278.20 | NOTE | |||
r-devel-linux-x86_64-fedora-gcc | 0.1-0 | 266.49 | NOTE | |||
r-devel-windows-x86_64 | 0.1-0 | 22.00 | 139.00 | 161.00 | OK | |
r-patched-linux-x86_64 | 0.1-0 | 19.81 | 193.39 | 213.20 | OK | |
r-release-linux-x86_64 | 0.1-0 | 17.73 | 187.59 | 205.32 | OK | |
r-release-macos-arm64 | 0.1-0 | 13.00 | ERROR | |||
r-release-macos-x86_64 | 0.1-0 | 9.00 | ERROR | |||
r-release-windows-x86_64 | 0.1-0 | 28.00 | 172.00 | 200.00 | OK | |
r-oldrel-macos-arm64 | 0.1-0 | 9.00 | ERROR | |||
r-oldrel-macos-x86_64 | 0.1-0 | 12.00 | ERROR | |||
r-oldrel-windows-x86_64 | 0.1-0 | 27.00 | 170.00 | 197.00 | OK |
Version: 0.1-0
Check: dependencies in R code
Result: NOTE
Namespace in Imports field not imported from: ‘DT’
All declared Imports should be used.
Flavors: r-devel-linux-x86_64-fedora-clang, r-devel-linux-x86_64-fedora-gcc
Version: 0.1-0
Check: package dependencies
Result: ERROR
Package required but not available: ‘IsoGene’
See section ‘The DESCRIPTION file’ in the ‘Writing R Extensions’
manual.
Flavors: r-release-macos-arm64, r-release-macos-x86_64, r-oldrel-macos-arm64, r-oldrel-macos-x86_64