Last updated on 2023-06-08 08:55:17 CEST.
Flavor | Version | Tinstall | Tcheck | Ttotal | Status | Flags |
---|---|---|---|---|---|---|
r-devel-linux-x86_64-debian-clang | 1.2.1 | 8.50 | 64.01 | 72.51 | NOTE | |
r-devel-linux-x86_64-debian-gcc | 1.2.1 | 5.64 | 47.59 | 53.23 | NOTE | |
r-devel-linux-x86_64-fedora-clang | 1.2.1 | 87.90 | NOTE | |||
r-devel-linux-x86_64-fedora-gcc | 1.2.1 | 85.17 | NOTE | |||
r-devel-windows-x86_64 | 1.2.1 | 11.00 | 66.00 | 77.00 | NOTE | |
r-patched-linux-x86_64 | 1.2.1 | 8.52 | 60.57 | 69.09 | NOTE | |
r-release-linux-x86_64 | 1.2.1 | 6.59 | 59.83 | 66.42 | NOTE | |
r-release-macos-arm64 | 1.2.1 | 29.00 | NOTE | |||
r-release-macos-x86_64 | 1.2.1 | 43.00 | NOTE | |||
r-release-windows-x86_64 | 1.2.1 | 11.00 | 75.00 | 86.00 | NOTE | |
r-oldrel-macos-arm64 | 1.2.1 | 27.00 | OK | |||
r-oldrel-macos-x86_64 | 1.2.1 | 50.00 | OK | |||
r-oldrel-windows-x86_64 | 1.2.1 | 11.00 | 72.00 | 83.00 | OK |
Version: 1.2.1
Check: Rd files
Result: NOTE
checkRd: (-1) dtmvnom.Rd:30: Escaped LaTeX specials: \&
Flavors: r-devel-linux-x86_64-debian-clang, r-devel-linux-x86_64-debian-gcc, r-devel-linux-x86_64-fedora-clang, r-devel-linux-x86_64-fedora-gcc, r-devel-windows-x86_64, r-patched-linux-x86_64, r-release-linux-x86_64, r-release-macos-arm64, r-release-macos-x86_64, r-release-windows-x86_64