Last updated on 2024-03-28 15:49:43 CET.
Flavor | Version | Tinstall | Tcheck | Ttotal | Status | Flags |
---|---|---|---|---|---|---|
r-devel-linux-x86_64-debian-clang | 1.2.1 | 8.01 | 61.35 | 69.36 | NOTE | |
r-devel-linux-x86_64-debian-gcc | 1.2.1 | 6.00 | 48.85 | 54.85 | NOTE | |
r-devel-linux-x86_64-fedora-clang | 1.2.1 | 87.14 | NOTE | |||
r-devel-linux-x86_64-fedora-gcc | 1.2.1 | 85.63 | NOTE | |||
r-devel-windows-x86_64 | 1.2.1 | 8.00 | 66.00 | 74.00 | NOTE | |
r-patched-linux-x86_64 | 1.2.1 | 5.57 | 60.10 | 65.67 | NOTE | |
r-release-linux-x86_64 | 1.2.1 | 8.68 | 61.45 | 70.13 | NOTE | |
r-release-macos-arm64 | 1.2.1 | 29.00 | NOTE | |||
r-release-macos-x86_64 | 1.2.1 | 43.00 | NOTE | |||
r-release-windows-x86_64 | 1.2.1 | 11.00 | 76.00 | 87.00 | NOTE | |
r-oldrel-macos-arm64 | 1.2.1 | 27.00 | OK | |||
r-oldrel-windows-x86_64 | 1.2.1 | 12.00 | 74.00 | 86.00 | OK |
Version: 1.2.1
Check: Rd files
Result: NOTE
checkRd: (-1) dtmvnom.Rd:30: Escaped LaTeX specials: \&
Flavors: r-devel-linux-x86_64-debian-clang, r-devel-linux-x86_64-debian-gcc, r-devel-linux-x86_64-fedora-clang, r-devel-linux-x86_64-fedora-gcc, r-devel-windows-x86_64, r-patched-linux-x86_64, r-release-linux-x86_64, r-release-macos-arm64, r-release-macos-x86_64, r-release-windows-x86_64