CRAN Package Check Results for Package clusterCrit

Last updated on 2022-08-15 16:54:25 CEST.

Flavor Version Tinstall Tcheck Ttotal Status Flags
r-devel-linux-x86_64-debian-clang 1.2.8 7.09 32.02 39.11 OK
r-devel-linux-x86_64-debian-gcc 1.2.8 5.86 24.95 30.81 OK
r-devel-linux-x86_64-fedora-clang 1.2.8 61.14 NOTE
r-devel-linux-x86_64-fedora-gcc 1.2.8 59.37 NOTE
r-devel-windows-x86_64 1.2.8 71.00 75.00 146.00 OK
r-patched-linux-x86_64 1.2.8 6.34 31.02 37.36 OK
r-release-linux-x86_64 1.2.8 5.83 31.79 37.62 OK
r-release-macos-arm64 1.2.8 27.00 OK
r-release-macos-x86_64 1.2.8 34.00 OK
r-release-windows-x86_64 1.2.8 83.00 87.00 170.00 OK
r-oldrel-macos-arm64 1.2.8 34.00 OK
r-oldrel-macos-x86_64 1.2.8 46.00 OK
r-oldrel-windows-ix86+x86_64 1.2.8 18.00 64.00 82.00 OK

Check Details

Version: 1.2.8
Check: top-level files
Result: NOTE
     possible bashism in cleanup line 15 (brace expansion):
     rm -f src/*.{o,so,mod}
     possible bashism in cleanup line 17 (brace expansion):
     rm -f config.{log,status}
     possible bashism in cleanup line 22 (brace expansion):
     rm -f vignettes/*.{tex,aux,bbl,blg,log,toc,idx,ind,ilg,out,synctex.gz}
Flavors: r-devel-linux-x86_64-fedora-clang, r-devel-linux-x86_64-fedora-gcc