CRAN Package Check Results for Package clustvarsel

Last updated on 2022-06-26 08:53:28 CEST.

Flavor Version Tinstall Tcheck Ttotal Status Flags
r-devel-linux-x86_64-debian-clang 2.3.4 10.00 93.69 103.69 NOTE
r-devel-linux-x86_64-debian-gcc 2.3.4 8.18 71.71 79.89 NOTE
r-devel-linux-x86_64-fedora-clang 2.3.4 134.21 NOTE
r-devel-linux-x86_64-fedora-gcc 2.3.4 134.22 NOTE
r-devel-windows-x86_64 2.3.4 22.00 108.00 130.00 NOTE --no-vignettes
r-patched-linux-x86_64 2.3.4 13.71 90.94 104.65 NOTE
r-release-linux-x86_64 2.3.4 9.77 90.49 100.26 NOTE
r-release-macos-arm64 2.3.4 36.00 NOTE
r-release-macos-x86_64 2.3.4 54.00 NOTE
r-release-windows-x86_64 2.3.4 19.00 179.00 198.00 NOTE --no-vignettes
r-oldrel-macos-arm64 2.3.4 45.00 NOTE
r-oldrel-macos-x86_64 2.3.4 75.00 NOTE
r-oldrel-windows-ix86+x86_64 2.3.4 22.00 118.00 140.00 NOTE --no-vignettes

Check Details

Version: 2.3.4
Check: LazyData
Result: NOTE
     'LazyData' is specified without a 'data' directory
Flavors: r-devel-linux-x86_64-debian-clang, r-devel-linux-x86_64-debian-gcc, r-devel-linux-x86_64-fedora-clang, r-devel-linux-x86_64-fedora-gcc, r-patched-linux-x86_64, r-release-linux-x86_64, r-release-macos-arm64, r-release-macos-x86_64, r-oldrel-macos-arm64, r-oldrel-macos-x86_64

Version: 2.3.4
Flags: --no-vignettes
Check: LazyData
Result: NOTE
     'LazyData' is specified without a 'data' directory
Flavors: r-devel-windows-x86_64, r-release-windows-x86_64, r-oldrel-windows-ix86+x86_64