CRAN Package Check Results for Package cmsaf

Last updated on 2021-09-19 04:52:52 CEST.

Flavor Version Tinstall Tcheck Ttotal Status Flags
r-devel-linux-x86_64-debian-clang 3.2.0 2.75 23.69 26.44 OK
r-devel-linux-x86_64-debian-gcc 3.2.0 1.78 19.22 21.00 OK
r-devel-linux-x86_64-fedora-clang 3.2.0 40.98 NOTE
r-devel-linux-x86_64-fedora-gcc 3.2.0 30.40 NOTE
r-devel-windows-x86_64 3.2.0 6.00 42.00 48.00 OK
r-devel-windows-x86_64-gcc10-UCRT 3.2.0 ERROR
r-patched-linux-x86_64 3.2.0 2.68 23.48 26.16 OK
r-patched-solaris-x86 3.2.0 49.60 NOTE
r-release-linux-x86_64 3.2.0 2.61 23.39 26.00 OK
r-release-macos-arm64 3.2.0 NOTE
r-release-macos-x86_64 3.2.0 NOTE
r-release-windows-ix86+x86_64 3.2.0 9.00 30.00 39.00 OK
r-oldrel-macos-x86_64 3.2.0 NOTE
r-oldrel-windows-ix86+x86_64 3.2.0 7.00 43.00 50.00 OK

Check Details

Version: 3.2.0
Check: dependencies in R code
Result: NOTE
    Namespaces in Imports field not imported from:
     ‘FNN’ ‘R.utils’ ‘SearchTrees’ ‘colorspace’ ‘colourpicker’
     ‘data.table’ ‘fields’ ‘mapproj’ ‘maps’ ‘maptools’ ‘ncdf4’ ‘raster’
     ‘rworldxtra’ ‘shinyFiles’ ‘shinyjs’ ‘shinythemes’ ‘sp’ ‘tcltk’
     All declared Imports should be used.
Flavors: r-devel-linux-x86_64-fedora-clang, r-devel-linux-x86_64-fedora-gcc, r-devel-windows-x86_64-gcc10-UCRT, r-patched-solaris-x86, r-release-macos-arm64, r-release-macos-x86_64, r-oldrel-macos-x86_64

Version: 3.2.0
Check: whether package can be installed
Result: WARN
    Found the following significant warnings:
     WARNING: installation-time patches will not be applied, could not get the patches index
Flavor: r-devel-windows-x86_64-gcc10-UCRT

Version: 3.2.0
Check: PDF version of manual
Result: WARN
    LaTeX errors when creating PDF version.
    This typically indicates Rd problems.
Flavor: r-devel-windows-x86_64-gcc10-UCRT

Version: 3.2.0
Check: PDF version of manual without hyperrefs or index
Result: ERROR
    Re-running with no redirection of stdout/stderr.
Flavor: r-devel-windows-x86_64-gcc10-UCRT