Last updated on 2024-07-18 08:51:05 CEST.
Flavor | Version | Tinstall | Tcheck | Ttotal | Status | Flags |
---|---|---|---|---|---|---|
r-devel-linux-x86_64-debian-clang | 1.0.1 | 2.48 | 59.24 | 61.72 | NOTE | |
r-devel-linux-x86_64-debian-gcc | 1.0.1 | 2.02 | 41.47 | 43.49 | NOTE | |
r-devel-linux-x86_64-fedora-clang | 1.0.1 | 76.31 | NOTE | |||
r-devel-linux-x86_64-fedora-gcc | 1.0.1 | 91.79 | NOTE | |||
r-devel-windows-x86_64 | 1.0.1 | 3.00 | 58.00 | 61.00 | NOTE | |
r-patched-linux-x86_64 | 1.0.1 | 2.55 | 56.95 | 59.50 | NOTE | |
r-release-linux-x86_64 | 1.0.1 | 1.65 | 55.56 | 57.21 | NOTE | |
r-release-macos-arm64 | 1.0.1 | 28.00 | NOTE | |||
r-release-macos-x86_64 | 1.0.1 | 45.00 | NOTE | |||
r-release-windows-x86_64 | 1.0.1 | 3.00 | 58.00 | 61.00 | NOTE | |
r-oldrel-macos-arm64 | 1.0.1 | 33.00 | NOTE | |||
r-oldrel-macos-x86_64 | 1.0.1 | 44.00 | NOTE | |||
r-oldrel-windows-x86_64 | 1.0.1 | 3.00 | 64.00 | 67.00 | NOTE |
Version: 1.0.1
Check: LazyData
Result: NOTE
'LazyData' is specified without a 'data' directory
Flavors: r-devel-linux-x86_64-debian-clang, r-devel-linux-x86_64-debian-gcc, r-devel-linux-x86_64-fedora-clang, r-devel-linux-x86_64-fedora-gcc, r-devel-windows-x86_64, r-patched-linux-x86_64, r-release-linux-x86_64, r-release-macos-arm64, r-release-macos-x86_64, r-release-windows-x86_64, r-oldrel-macos-arm64, r-oldrel-macos-x86_64, r-oldrel-windows-x86_64