CRAN Package Check Results for Package cnum

Last updated on 2021-10-22 04:54:43 CEST.

Flavor Version Tinstall Tcheck Ttotal Status Flags
r-devel-linux-x86_64-debian-clang 0.1.3 40.69 28.16 68.85 NOTE
r-devel-linux-x86_64-debian-gcc 0.1.3 32.08 22.47 54.55 NOTE
r-devel-linux-x86_64-fedora-clang 0.1.3 107.94 NOTE
r-devel-linux-x86_64-fedora-gcc 0.1.3 100.19 NOTE
r-devel-windows-x86_64 0.1.3 55.00 61.00 116.00 NOTE
r-devel-windows-x86_64-gcc10-UCRT 0.1.3 NOTE
r-patched-linux-x86_64 0.1.3 39.53 28.07 67.60 NOTE
r-patched-solaris-x86 0.1.3 104.40 NOTE
r-release-linux-x86_64 0.1.3 37.41 27.56 64.97 NOTE
r-release-macos-arm64 0.1.3 NOTE
r-release-macos-x86_64 0.1.3 NOTE
r-release-windows-ix86+x86_64 0.1.3 85.00 75.00 160.00 NOTE
r-oldrel-macos-x86_64 0.1.3 OK
r-oldrel-windows-ix86+x86_64 0.1.3 109.00 78.00 187.00 OK

Check Details

Version: 0.1.3
Check: LazyData
Result: NOTE
     'LazyData' is specified without a 'data' directory
Flavors: r-devel-linux-x86_64-debian-clang, r-devel-linux-x86_64-debian-gcc, r-devel-linux-x86_64-fedora-clang, r-devel-linux-x86_64-fedora-gcc, r-devel-windows-x86_64, r-devel-windows-x86_64-gcc10-UCRT, r-patched-linux-x86_64, r-patched-solaris-x86, r-release-linux-x86_64, r-release-macos-arm64, r-release-macos-x86_64, r-release-windows-ix86+x86_64