Last updated on 2023-06-05 16:54:51 CEST.
Flavor | Version | Tinstall | Tcheck | Ttotal | Status | Flags |
---|---|---|---|---|---|---|
r-devel-linux-x86_64-debian-clang | 0.1.3 | 47.22 | 35.37 | 82.59 | NOTE | |
r-devel-linux-x86_64-debian-gcc | 0.1.3 | 38.08 | 27.58 | 65.66 | NOTE | |
r-devel-linux-x86_64-fedora-clang | 0.1.3 | 110.51 | NOTE | |||
r-devel-linux-x86_64-fedora-gcc | 0.1.3 | 118.42 | NOTE | |||
r-devel-windows-x86_64 | 0.1.3 | 36.00 | 67.00 | 103.00 | NOTE | |
r-patched-linux-x86_64 | 0.1.3 | 46.08 | 33.72 | 79.80 | NOTE | |
r-release-linux-x86_64 | 0.1.3 | 41.74 | 33.89 | 75.63 | NOTE | |
r-release-macos-arm64 | 0.1.3 | 32.00 | NOTE | |||
r-release-macos-x86_64 | 0.1.3 | 45.00 | NOTE | |||
r-release-windows-x86_64 | 0.1.3 | 47.00 | 77.00 | 124.00 | NOTE | |
r-oldrel-macos-arm64 | 0.1.3 | 28.00 | NOTE | |||
r-oldrel-macos-x86_64 | 0.1.3 | 38.00 | NOTE | |||
r-oldrel-windows-x86_64 | 0.1.3 | 45.00 | 79.00 | 124.00 | NOTE |
Version: 0.1.3
Check: C++ specification
Result: NOTE
Specified C++11: please drop specification unless essential
Flavors: r-devel-linux-x86_64-debian-clang, r-devel-linux-x86_64-debian-gcc, r-devel-linux-x86_64-fedora-clang, r-devel-linux-x86_64-fedora-gcc, r-devel-windows-x86_64, r-patched-linux-x86_64, r-release-linux-x86_64, r-release-macos-arm64, r-release-macos-x86_64, r-release-windows-x86_64
Version: 0.1.3
Check: LazyData
Result: NOTE
'LazyData' is specified without a 'data' directory
Flavors: r-devel-linux-x86_64-debian-clang, r-devel-linux-x86_64-debian-gcc, r-devel-linux-x86_64-fedora-clang, r-devel-linux-x86_64-fedora-gcc, r-devel-windows-x86_64, r-patched-linux-x86_64, r-release-linux-x86_64, r-release-macos-arm64, r-release-macos-x86_64, r-release-windows-x86_64, r-oldrel-macos-arm64, r-oldrel-macos-x86_64, r-oldrel-windows-x86_64