Last updated on 2023-06-05 16:54:51 CEST.
Flavor | Version | Tinstall | Tcheck | Ttotal | Status | Flags |
---|---|---|---|---|---|---|
r-devel-linux-x86_64-debian-clang | 0.7.1 | 183.91 | 131.84 | 315.75 | NOTE | |
r-devel-linux-x86_64-debian-gcc | 0.7.1 | 139.13 | 102.11 | 241.24 | NOTE | |
r-devel-linux-x86_64-fedora-clang | 0.7.1 | 470.34 | NOTE | |||
r-devel-linux-x86_64-fedora-gcc | 0.7.1 | 464.26 | NOTE | |||
r-devel-windows-x86_64 | 0.7.1 | 134.00 | 156.00 | 290.00 | NOTE | |
r-patched-linux-x86_64 | 0.7.1 | 147.14 | 129.97 | 277.11 | NOTE | |
r-release-linux-x86_64 | 0.7.1 | 160.93 | 127.01 | 287.94 | NOTE | |
r-release-macos-arm64 | 0.7.1 | 129.00 | NOTE | |||
r-release-macos-x86_64 | 0.7.1 | 199.00 | NOTE | |||
r-release-windows-x86_64 | 0.7.1 | 177.00 | 174.00 | 351.00 | OK | |
r-oldrel-macos-arm64 | 0.7.1 | 106.00 | NOTE | |||
r-oldrel-macos-x86_64 | 0.7.1 | 135.00 | NOTE | |||
r-oldrel-windows-x86_64 | 0.7.1 | 174.00 | 166.00 | 340.00 | OK |
Version: 0.7.1
Check: package dependencies
Result: NOTE
Package suggested but not available for checking: ‘PopGenome’
Flavors: r-devel-linux-x86_64-debian-clang, r-devel-linux-x86_64-debian-gcc, r-devel-linux-x86_64-fedora-clang, r-devel-linux-x86_64-fedora-gcc, r-devel-windows-x86_64, r-patched-linux-x86_64, r-release-linux-x86_64, r-release-macos-arm64, r-release-macos-x86_64
Version: 0.7.1
Check: installed package size
Result: NOTE
installed size is 6.5Mb
sub-directories of 1Mb or more:
R 2.0Mb
libs 3.8Mb
Flavors: r-release-macos-arm64, r-release-macos-x86_64, r-oldrel-macos-arm64, r-oldrel-macos-x86_64