CRAN Package Check Results for Package coca

Last updated on 2023-06-07 17:55:33 CEST.

Flavor Version Tinstall Tcheck Ttotal Status Flags
r-devel-linux-x86_64-debian-clang 1.1.0 3.70 113.75 117.45 NOTE
r-devel-linux-x86_64-debian-gcc 1.1.0 2.86 83.86 86.72 NOTE
r-devel-linux-x86_64-fedora-clang 1.1.0 147.40 NOTE
r-devel-linux-x86_64-fedora-gcc 1.1.0 149.38 NOTE
r-devel-windows-x86_64 1.1.0 5.00 109.00 114.00 NOTE
r-patched-linux-x86_64 1.1.0 2.47 109.89 112.36 NOTE
r-release-linux-x86_64 1.1.0 2.27 108.98 111.25 NOTE
r-release-macos-arm64 1.1.0 58.00 NOTE
r-release-macos-x86_64 1.1.0 94.00 NOTE
r-release-windows-x86_64 1.1.0 5.00 127.00 132.00 NOTE
r-oldrel-macos-arm64 1.1.0 60.00 NOTE
r-oldrel-macos-x86_64 1.1.0 83.00 NOTE
r-oldrel-windows-x86_64 1.1.0 6.00 116.00 122.00 NOTE

Check Details

Version: 1.1.0
Check: LazyData
Result: NOTE
     'LazyData' is specified without a 'data' directory
Flavors: r-devel-linux-x86_64-debian-clang, r-devel-linux-x86_64-debian-gcc, r-devel-linux-x86_64-fedora-clang, r-devel-linux-x86_64-fedora-gcc, r-devel-windows-x86_64, r-patched-linux-x86_64, r-release-linux-x86_64, r-release-macos-arm64, r-release-macos-x86_64, r-release-windows-x86_64, r-oldrel-macos-arm64, r-oldrel-macos-x86_64, r-oldrel-windows-x86_64

Version: 1.1.0
Check: dependencies in R code
Result: NOTE
    Namespaces in Imports field not imported from:
     ‘Matrix’ ‘nnet’
     All declared Imports should be used.
Flavors: r-devel-linux-x86_64-fedora-clang, r-devel-linux-x86_64-fedora-gcc, r-oldrel-macos-arm64, r-oldrel-macos-x86_64