CRAN Package Check Results for Package cocktailApp

Last updated on 2024-02-25 01:01:00 CET.

Flavor Version Tinstall Tcheck Ttotal Status Flags
r-devel-linux-x86_64-debian-clang 0.2.3 9.74 135.24 144.98 OK
r-devel-linux-x86_64-debian-gcc 0.2.3 6.89 98.48 105.37 OK
r-devel-linux-x86_64-fedora-clang 0.2.3 2.15 ERROR
r-devel-linux-x86_64-fedora-gcc 0.2.3 1.92 ERROR
r-devel-windows-x86_64 0.2.3 8.00 105.00 113.00 OK
r-patched-linux-x86_64 0.2.3 7.16 129.43 136.59 OK
r-release-linux-x86_64 0.2.3 6.48 127.63 134.11 OK
r-release-macos-arm64 0.2.3 47.00 OK
r-release-macos-x86_64 0.2.3 129.00 OK
r-release-windows-x86_64 0.2.3 12.00 136.00 148.00 OK
r-oldrel-macos-arm64 0.2.3 51.00 OK
r-oldrel-windows-x86_64 0.2.3 13.00 142.00 155.00 OK

Check Details

Version: 0.2.3
Check: package dependencies
Result: ERROR Package required but not available: ‘ggtern’ See section ‘The DESCRIPTION file’ in the ‘Writing R Extensions’ manual. Flavors: r-devel-linux-x86_64-fedora-clang, r-devel-linux-x86_64-fedora-gcc