CRAN Package Check Results for Package cocorresp

Last updated on 2024-02-21 00:54:24 CET.

Flavor Version Tinstall Tcheck Ttotal Status Flags
r-devel-linux-x86_64-debian-clang 0.4-3 NOTE
r-devel-linux-x86_64-debian-gcc 0.4-3 8.58 78.01 86.59 NOTE
r-devel-linux-x86_64-fedora-clang 0.4-3 136.15 NOTE
r-devel-linux-x86_64-fedora-gcc 0.4-3 150.21 NOTE
r-devel-windows-x86_64 0.4-3 10.00 99.00 109.00 NOTE
r-patched-linux-x86_64 0.4-3 14.66 101.29 115.95 OK
r-release-linux-x86_64 0.4-3 10.53 101.40 111.93 OK
r-release-macos-arm64 0.4-3 57.00 OK
r-release-macos-x86_64 0.4-3 85.00 OK
r-release-windows-x86_64 0.4-3 12.00 117.00 129.00 OK
r-oldrel-macos-arm64 0.4-3 44.00 OK
r-oldrel-windows-x86_64 0.4-3 13.00 120.00 133.00 OK

Check Details

Version: 0.4-3
Check: Rd \usage sections
Result: NOTE Documented arguments not in \usage in Rd file 'cocorresp-internal.Rd': ‘Y’ ‘eps’ Functions with \usage entries need to have the appropriate \alias entries, and all their arguments documented. The \usage entries must correspond to syntactically valid R code. See chapter ‘Writing R documentation files’ in the ‘Writing R Extensions’ manual. Flavors: r-devel-linux-x86_64-debian-clang, r-devel-linux-x86_64-debian-gcc, r-devel-linux-x86_64-fedora-clang, r-devel-linux-x86_64-fedora-gcc, r-devel-windows-x86_64

Version: 0.4-3
Check: Rd cross-references
Result: NOTE Undeclared package ‘pls’ in Rd xrefs Flavor: r-devel-linux-x86_64-fedora-clang