CRAN Package Check Results for Package cogmapr

Last updated on 2023-12-02 16:49:09 CET.

Flavor Version Tinstall Tcheck Ttotal Status Flags
r-devel-linux-x86_64-debian-clang 0.9.3 9.90 94.12 104.02 NOTE
r-devel-linux-x86_64-debian-gcc 0.9.3 6.93 70.41 77.34 NOTE
r-devel-linux-x86_64-fedora-clang 0.9.3 128.06 NOTE
r-devel-linux-x86_64-fedora-gcc 0.9.3 123.08 NOTE
r-devel-windows-x86_64 0.9.3 10.00 93.00 103.00 NOTE
r-patched-linux-x86_64 0.9.3 6.01 89.05 95.06 NOTE
r-release-linux-x86_64 0.9.3 7.29 89.52 96.81 NOTE
r-release-macos-arm64 0.9.3 39.00 NOTE
r-release-macos-x86_64 0.9.3 54.00 NOTE
r-release-windows-x86_64 0.9.3 12.00 112.00 124.00 NOTE
r-oldrel-macos-arm64 0.9.3 44.00 OK
r-oldrel-macos-x86_64 0.9.3 87.00 OK
r-oldrel-windows-x86_64 0.9.3 12.00 109.00 121.00 OK

Check Details

Version: 0.9.3
Check: package subdirectories
Result: NOTE Problems with news in ‘NEWS.md’: No news entries found. Flavors: r-devel-linux-x86_64-debian-clang, r-devel-linux-x86_64-debian-gcc, r-devel-linux-x86_64-fedora-clang, r-devel-linux-x86_64-fedora-gcc, r-devel-windows-x86_64, r-patched-linux-x86_64, r-release-linux-x86_64, r-release-macos-arm64, r-release-macos-x86_64, r-release-windows-x86_64

Version: 0.9.3
Check: package dependencies
Result: NOTE Package suggested but not available for checking: ‘car’ Flavor: r-release-macos-x86_64