Last updated on 2023-12-08 00:51:51 CET.
Flavor | Version | Tinstall | Tcheck | Ttotal | Status | Flags |
---|---|---|---|---|---|---|
r-devel-linux-x86_64-debian-clang | 1.0.5 | 28.87 | 41.41 | 70.28 | OK | |
r-devel-linux-x86_64-debian-gcc | 1.0.5 | 17.67 | 31.79 | 49.46 | OK | |
r-devel-linux-x86_64-fedora-clang | 1.0.5 | 102.63 | NOTE | |||
r-devel-linux-x86_64-fedora-gcc | 1.0.5 | 88.68 | NOTE | |||
r-devel-windows-x86_64 | 1.0.5 | 23.00 | 68.00 | 91.00 | OK | |
r-patched-linux-x86_64 | 1.0.5 | 25.48 | 40.94 | 66.42 | OK | |
r-release-linux-x86_64 | 1.0.5 | 22.75 | 40.12 | 62.87 | OK | |
r-release-macos-arm64 | 1.0.5 | 34.00 | OK | |||
r-release-macos-x86_64 | 1.0.5 | 48.00 | OK | |||
r-release-windows-x86_64 | 1.0.5 | 22.00 | 76.00 | 98.00 | OK | |
r-oldrel-macos-arm64 | 1.0.5 | 28.00 | OK | |||
r-oldrel-macos-x86_64 | 1.0.5 | 39.00 | OK | |||
r-oldrel-windows-x86_64 | 1.0.5 | 29.00 | 76.00 | 105.00 | OK |
Version: 1.0.5
Check: compiled code
Result: NOTE
File ‘collUtils/libs/collUtils.so’:
Found no calls to: ‘R_registerRoutines’, ‘R_useDynamicSymbols’
It is good practice to register native routines and to disable symbol
search.
See ‘Writing portable packages’ in the ‘Writing R Extensions’ manual.
Flavors: r-devel-linux-x86_64-fedora-clang, r-devel-linux-x86_64-fedora-gcc