CRAN Package Check Results for Package collapsibleTree

Last updated on 2021-09-23 20:52:11 CEST.

Flavor Version Tinstall Tcheck Ttotal Status Flags
r-devel-linux-x86_64-debian-clang 0.1.7 3.32 39.61 42.93 NOTE
r-devel-linux-x86_64-debian-gcc 0.1.7 2.44 29.94 32.38 NOTE
r-devel-linux-x86_64-fedora-clang 0.1.7 58.40 NOTE
r-devel-linux-x86_64-fedora-gcc 0.1.7 48.78 NOTE
r-devel-windows-x86_64 0.1.7 4.00 47.00 51.00 NOTE
r-devel-windows-x86_64-gcc10-UCRT 0.1.7 NOTE
r-patched-linux-x86_64 0.1.7 3.05 37.10 40.15 NOTE
r-patched-solaris-x86 0.1.7 77.50 NOTE
r-release-linux-x86_64 0.1.7 3.08 37.63 40.71 NOTE
r-release-macos-arm64 0.1.7 NOTE
r-release-macos-x86_64 0.1.7 NOTE
r-release-windows-ix86+x86_64 0.1.7 7.00 45.00 52.00 NOTE
r-oldrel-macos-x86_64 0.1.7 OK
r-oldrel-windows-ix86+x86_64 0.1.7 5.00 46.00 51.00 OK

Check Details

Version: 0.1.7
Check: LazyData
Result: NOTE
     'LazyData' is specified without a 'data' directory
Flavors: r-devel-linux-x86_64-debian-clang, r-devel-linux-x86_64-debian-gcc, r-devel-linux-x86_64-fedora-clang, r-devel-linux-x86_64-fedora-gcc, r-devel-windows-x86_64, r-devel-windows-x86_64-gcc10-UCRT, r-patched-linux-x86_64, r-patched-solaris-x86, r-release-linux-x86_64, r-release-macos-arm64, r-release-macos-x86_64, r-release-windows-ix86+x86_64