Last updated on 2024-04-23 16:58:11 CEST.
Flavor | Version | Tinstall | Tcheck | Ttotal | Status | Flags |
---|---|---|---|---|---|---|
r-devel-linux-x86_64-debian-clang | 0.1.3 | 7.82 | 51.41 | 59.23 | OK | |
r-devel-linux-x86_64-debian-gcc | 0.1.3 | 5.83 | 39.77 | 45.60 | OK | |
r-devel-linux-x86_64-fedora-clang | 0.1.3 | 77.05 | NOTE | |||
r-devel-linux-x86_64-fedora-gcc | 0.1.3 | 84.88 | NOTE | |||
r-prerel-macos-arm64 | 0.1.3 | 28.00 | OK | |||
r-prerel-windows-x86_64 | 0.1.3 | 9.00 | 63.00 | 72.00 | OK | |
r-patched-linux-x86_64 | 0.1.3 | 7.99 | 48.85 | 56.84 | OK | |
r-release-linux-x86_64 | 0.1.3 | 6.90 | 49.46 | 56.36 | OK | |
r-release-macos-arm64 | 0.1.3 | 29.00 | OK | |||
r-release-macos-x86_64 | 0.1.3 | 43.00 | OK | |||
r-release-windows-x86_64 | 0.1.3 | 11.00 | 70.00 | 81.00 | OK | |
r-oldrel-macos-arm64 | 0.1.3 | 29.00 | NOTE | |||
r-oldrel-windows-x86_64 | 0.1.3 | 11.00 | 74.00 | 85.00 | OK |
Version: 0.1.3
Check: data for non-ASCII characters
Result: NOTE
Note: found 4186 marked UTF-8 strings
Flavors: r-devel-linux-x86_64-fedora-clang, r-devel-linux-x86_64-fedora-gcc, r-oldrel-macos-arm64