CRAN Package Check Results for Package collidr

Last updated on 2021-10-27 00:51:00 CEST.

Flavor Version Tinstall Tcheck Ttotal Status Flags
r-devel-linux-x86_64-debian-clang 0.1.3 7.51 52.28 59.79 OK
r-devel-linux-x86_64-debian-gcc 0.1.3 6.48 41.28 47.76 OK
r-devel-linux-x86_64-fedora-clang 0.1.3 86.96 NOTE
r-devel-linux-x86_64-fedora-gcc 0.1.3 72.43 NOTE
r-devel-windows-x86_64 0.1.3 12.00 79.00 91.00 OK
r-devel-windows-x86_64-gcc10-UCRT 0.1.3 NOTE
r-patched-linux-x86_64 0.1.3 7.69 51.47 59.16 OK
r-patched-solaris-x86 0.1.3 117.30 NOTE
r-release-linux-x86_64 0.1.3 6.95 50.47 57.42 OK
r-release-macos-arm64 0.1.3 NOTE
r-release-macos-x86_64 0.1.3 NOTE
r-release-windows-ix86+x86_64 0.1.3 12.00 73.00 85.00 OK
r-oldrel-macos-x86_64 0.1.3 NOTE
r-oldrel-windows-ix86+x86_64 0.1.3 16.00 77.00 93.00 OK

Check Details

Version: 0.1.3
Check: data for non-ASCII characters
Result: NOTE
     Note: found 4186 marked UTF-8 strings
Flavors: r-devel-linux-x86_64-fedora-clang, r-devel-linux-x86_64-fedora-gcc, r-devel-windows-x86_64-gcc10-UCRT, r-patched-solaris-x86, r-release-macos-arm64, r-release-macos-x86_64, r-oldrel-macos-x86_64