Last updated on 2024-03-28 23:55:03 CET.
Flavor | Version | Tinstall | Tcheck | Ttotal | Status | Flags |
---|---|---|---|---|---|---|
r-devel-linux-x86_64-debian-clang | 1.5-0 | 4.10 | 233.21 | 237.31 | OK | |
r-devel-linux-x86_64-debian-gcc | 1.5-0 | 3.74 | 172.48 | 176.22 | OK | |
r-devel-linux-x86_64-fedora-clang | 1.5-0 | 282.89 | NOTE | |||
r-devel-linux-x86_64-fedora-gcc | 1.5-0 | 294.38 | OK | |||
r-devel-windows-x86_64 | 1.5-0 | 6.00 | 309.00 | 315.00 | NOTE | |
r-patched-linux-x86_64 | 1.5-0 | 6.16 | 226.68 | 232.84 | OK | |
r-release-linux-x86_64 | 1.5-0 | 4.63 | 223.43 | 228.06 | OK | |
r-release-macos-arm64 | 1.5-0 | 109.00 | NOTE | |||
r-release-macos-x86_64 | 1.5-0 | 323.00 | NOTE | |||
r-release-windows-x86_64 | 1.5-0 | 8.00 | 311.00 | 319.00 | NOTE | |
r-oldrel-macos-arm64 | 1.5-0 | 99.00 | NOTE | |||
r-oldrel-windows-x86_64 | 1.5-0 | 9.00 | 309.00 | 318.00 | NOTE |
Version: 1.5-0
Check: installed package size
Result: NOTE
installed size is 5.4Mb
sub-directories of 1Mb or more:
doc 2.4Mb
extdata 2.1Mb
Flavors: r-devel-linux-x86_64-fedora-clang, r-devel-windows-x86_64, r-release-macos-arm64, r-release-macos-x86_64, r-release-windows-x86_64, r-oldrel-macos-arm64, r-oldrel-windows-x86_64