Last updated on 2023-06-05 16:54:51 CEST.
Flavor | Version | Tinstall | Tcheck | Ttotal | Status | Flags |
---|---|---|---|---|---|---|
r-devel-linux-x86_64-debian-clang | 1.4-0 | 4.08 | 225.97 | 230.05 | OK | |
r-devel-linux-x86_64-debian-gcc | 1.4-0 | 3.70 | 169.90 | 173.60 | OK | |
r-devel-linux-x86_64-fedora-clang | 1.4-0 | 296.89 | NOTE | |||
r-devel-linux-x86_64-fedora-gcc | 1.4-0 | 283.68 | OK | |||
r-devel-windows-x86_64 | 1.4-0 | 7.00 | 310.00 | 317.00 | NOTE | |
r-patched-linux-x86_64 | 1.4-0 | 6.73 | 215.26 | 221.99 | OK | |
r-release-linux-x86_64 | 1.4-0 | 4.61 | 217.33 | 221.94 | OK | |
r-release-macos-arm64 | 1.4-0 | 99.00 | NOTE | |||
r-release-macos-x86_64 | 1.4-0 | 191.00 | NOTE | |||
r-release-windows-x86_64 | 1.4-0 | 8.00 | 322.00 | 330.00 | NOTE | |
r-oldrel-macos-arm64 | 1.4-0 | 79.00 | NOTE | |||
r-oldrel-macos-x86_64 | 1.4-0 | 110.00 | NOTE | |||
r-oldrel-windows-x86_64 | 1.4-0 | 8.00 | 308.00 | 316.00 | NOTE |
Version: 1.4-0
Check: installed package size
Result: NOTE
installed size is 5.4Mb
sub-directories of 1Mb or more:
doc 2.5Mb
extdata 2.1Mb
Flavors: r-devel-linux-x86_64-fedora-clang, r-devel-windows-x86_64, r-release-macos-arm64, r-release-macos-x86_64, r-release-windows-x86_64, r-oldrel-macos-arm64, r-oldrel-macos-x86_64, r-oldrel-windows-x86_64