CRAN Package Check Results for Package colorednoise

Last updated on 2021-10-24 00:50:53 CEST.

Flavor Version Tinstall Tcheck Ttotal Status Flags
r-devel-linux-x86_64-debian-clang 1.1.0 40.41 255.32 295.73 NOTE
r-devel-linux-x86_64-debian-gcc 1.1.0 35.82 180.05 215.87 NOTE
r-devel-linux-x86_64-fedora-clang 1.1.0 373.64 NOTE
r-devel-linux-x86_64-fedora-gcc 1.1.0 356.18 NOTE
r-devel-windows-x86_64 1.1.0 63.00 334.00 397.00 NOTE
r-devel-windows-x86_64-gcc10-UCRT 1.1.0 NOTE
r-patched-linux-x86_64 1.1.0 38.38 232.03 270.41 NOTE
r-patched-solaris-x86 1.1.0 155.90 NOTE
r-release-linux-x86_64 1.1.0 41.97 224.96 266.93 NOTE
r-release-macos-arm64 1.1.0 NOTE
r-release-macos-x86_64 1.1.0 NOTE
r-release-windows-ix86+x86_64 1.1.0 96.00 367.00 463.00 NOTE
r-oldrel-macos-x86_64 1.1.0 OK
r-oldrel-windows-ix86+x86_64 1.1.0 124.00 360.00 484.00 OK

Check Details

Version: 1.1.0
Check: LazyData
Result: NOTE
     'LazyData' is specified without a 'data' directory
Flavors: r-devel-linux-x86_64-debian-clang, r-devel-linux-x86_64-debian-gcc, r-devel-linux-x86_64-fedora-clang, r-devel-linux-x86_64-fedora-gcc, r-devel-windows-x86_64, r-devel-windows-x86_64-gcc10-UCRT, r-patched-linux-x86_64, r-patched-solaris-x86, r-release-linux-x86_64, r-release-macos-arm64, r-release-macos-x86_64, r-release-windows-ix86+x86_64