CRAN Package Check Results for Package colorfindr

Last updated on 2021-10-23 16:49:27 CEST.

Flavor Version Tinstall Tcheck Ttotal Status Flags
r-devel-linux-x86_64-debian-clang 0.1.4 8.28 72.32 80.60 NOTE
r-devel-linux-x86_64-debian-gcc 0.1.4 5.57 54.00 59.57 NOTE
r-devel-linux-x86_64-fedora-clang 0.1.4 108.39 NOTE
r-devel-linux-x86_64-fedora-gcc 0.1.4 93.23 NOTE
r-devel-windows-x86_64 0.1.4 13.00 100.00 113.00 NOTE
r-devel-windows-x86_64-gcc10-UCRT 0.1.4 NOTE
r-patched-linux-x86_64 0.1.4 13.25 68.36 81.61 NOTE
r-release-linux-x86_64 0.1.4 7.38 67.92 75.30 NOTE
r-release-macos-arm64 0.1.4 NOTE
r-release-macos-x86_64 0.1.4 NOTE
r-release-windows-ix86+x86_64 0.1.4 13.00 95.00 108.00 NOTE
r-oldrel-macos-x86_64 0.1.4 OK
r-oldrel-windows-ix86+x86_64 0.1.4 20.00 100.00 120.00 OK

Check Details

Version: 0.1.4
Check: LazyData
Result: NOTE
     'LazyData' is specified without a 'data' directory
Flavors: r-devel-linux-x86_64-debian-clang, r-devel-linux-x86_64-debian-gcc, r-devel-linux-x86_64-fedora-clang, r-devel-linux-x86_64-fedora-gcc, r-devel-windows-x86_64, r-devel-windows-x86_64-gcc10-UCRT, r-patched-linux-x86_64, r-release-linux-x86_64, r-release-macos-arm64, r-release-macos-x86_64, r-release-windows-ix86+x86_64