CRAN Package Check Results for Package colorpatch

Last updated on 2024-07-14 00:55:20 CEST.

Flavor Version Tinstall Tcheck Ttotal Status Flags
r-devel-linux-x86_64-debian-clang 0.1.2 5.49 63.27 68.76 OK
r-devel-linux-x86_64-debian-gcc 0.1.2 4.26 47.18 51.44 OK
r-devel-linux-x86_64-fedora-clang 0.1.2 86.14 NOTE
r-devel-linux-x86_64-fedora-gcc 0.1.2 103.75 NOTE
r-devel-windows-x86_64 0.1.2 8.00 72.00 80.00 NOTE
r-patched-linux-x86_64 0.1.2 8.73 59.63 68.36 OK
r-release-linux-x86_64 0.1.2 4.66 58.90 63.56 OK
r-release-macos-arm64 0.1.2 34.00 OK
r-release-macos-x86_64 0.1.2 51.00 OK
r-release-windows-x86_64 0.1.2 6.00 69.00 75.00 OK
r-oldrel-macos-arm64 0.1.2 35.00 OK
r-oldrel-macos-x86_64 0.1.2 52.00 OK
r-oldrel-windows-x86_64 0.1.2 8.00 78.00 86.00 OK

Check Details

Version: 0.1.2
Check: dependencies in R code
Result: NOTE Namespaces in Imports field not imported from: ‘grid’ ‘gridExtra’ All declared Imports should be used. Flavors: r-devel-linux-x86_64-fedora-clang, r-devel-linux-x86_64-fedora-gcc

Version: 0.1.2
Check: Rd cross-references
Result: NOTE Found the following Rd file(s) with Rd \link{} targets missing package anchors: InterpolateColorFun.Rd: ggplot2 OrderDataTSP.Rd: TSP Please provide package anchors for all Rd \link{} targets not in the package itself and the base packages. Flavor: r-devel-windows-x86_64