Last updated on 2023-09-28 16:54:15 CEST.
Flavor | Version | Tinstall | Tcheck | Ttotal | Status | Flags |
---|---|---|---|---|---|---|
r-devel-linux-x86_64-debian-clang | 0.1.2 | 5.03 | 59.91 | 64.94 | OK | |
r-devel-linux-x86_64-debian-gcc | 0.1.2 | 4.41 | 45.02 | 49.43 | OK | |
r-devel-linux-x86_64-fedora-clang | 0.1.2 | 80.51 | NOTE | |||
r-devel-linux-x86_64-fedora-gcc | 0.1.2 | 93.50 | NOTE | |||
r-devel-windows-x86_64 | 0.1.2 | 6.00 | 70.00 | 76.00 | OK | |
r-patched-linux-x86_64 | 0.1.2 | 8.63 | 57.21 | 65.84 | OK | |
r-release-linux-x86_64 | 0.1.2 | 4.85 | 56.77 | 61.62 | OK | |
r-release-macos-arm64 | 0.1.2 | 35.00 | OK | |||
r-release-macos-x86_64 | 0.1.2 | 52.00 | OK | |||
r-release-windows-x86_64 | 0.1.2 | 8.00 | 78.00 | 86.00 | OK | |
r-oldrel-macos-arm64 | 0.1.2 | 27.00 | NOTE | |||
r-oldrel-macos-x86_64 | 0.1.2 | 53.00 | NOTE | |||
r-oldrel-windows-x86_64 | 0.1.2 | 7.00 | 77.00 | 84.00 | OK |
Version: 0.1.2
Check: dependencies in R code
Result: NOTE
Namespaces in Imports field not imported from:
‘grid’ ‘gridExtra’
All declared Imports should be used.
Flavors: r-devel-linux-x86_64-fedora-clang, r-devel-linux-x86_64-fedora-gcc, r-oldrel-macos-arm64, r-oldrel-macos-x86_64