CRAN Package Check Results for Package comFuncs

Last updated on 2021-09-28 01:49:19 CEST.

Flavor Version Tinstall Tcheck Ttotal Status Flags
r-devel-linux-x86_64-debian-clang 0.0.5 2.17 22.15 24.32 NOTE
r-devel-linux-x86_64-debian-gcc 0.0.5 1.42 17.68 19.10 NOTE
r-devel-linux-x86_64-fedora-clang 0.0.5 39.45 NOTE
r-devel-linux-x86_64-fedora-gcc 0.0.5 29.03 NOTE
r-devel-windows-x86_64 0.0.5 3.00 31.00 34.00 NOTE
r-devel-windows-x86_64-gcc10-UCRT 0.0.5 NOTE
r-patched-linux-x86_64 0.0.5 2.19 21.50 23.69 NOTE
r-patched-solaris-x86 0.0.5 46.00 NOTE
r-release-linux-x86_64 0.0.5 2.00 21.79 23.79 NOTE
r-release-macos-arm64 0.0.5 NOTE
r-release-macos-x86_64 0.0.5 NOTE
r-release-windows-ix86+x86_64 0.0.5 6.00 27.00 33.00 NOTE
r-oldrel-macos-x86_64 0.0.5 ERROR
r-oldrel-windows-ix86+x86_64 0.0.5 4.00 30.00 34.00 OK

Check Details

Version: 0.0.5
Check: LazyData
Result: NOTE
     'LazyData' is specified without a 'data' directory
Flavors: r-devel-linux-x86_64-debian-clang, r-devel-linux-x86_64-debian-gcc, r-devel-linux-x86_64-fedora-clang, r-devel-linux-x86_64-fedora-gcc, r-devel-windows-x86_64, r-devel-windows-x86_64-gcc10-UCRT, r-patched-linux-x86_64, r-patched-solaris-x86, r-release-linux-x86_64, r-release-macos-arm64, r-release-macos-x86_64, r-release-windows-ix86+x86_64

Version: 0.0.5
Check: dependencies in R code
Result: NOTE
    Namespace in Imports field not imported from: ‘rstudioapi’
     All declared Imports should be used.
Flavors: r-devel-linux-x86_64-fedora-clang, r-devel-linux-x86_64-fedora-gcc, r-devel-windows-x86_64-gcc10-UCRT, r-patched-solaris-x86, r-release-macos-arm64, r-release-macos-x86_64

Version: 0.0.5
Check: package dependencies
Result: ERROR
    Package required and available but unsuitable version: ‘stats’
    
    See section ‘The DESCRIPTION file’ in the ‘Writing R Extensions’
    manual.
Flavor: r-oldrel-macos-x86_64