Last updated on 2023-06-08 08:55:17 CEST.
Flavor | Version | Tinstall | Tcheck | Ttotal | Status | Flags |
---|---|---|---|---|---|---|
r-devel-linux-x86_64-debian-clang | 2.0.0 | 48.08 | 63.32 | 111.40 | NOTE | |
r-devel-linux-x86_64-debian-gcc | 2.0.0 | 35.05 | 68.37 | 103.42 | NOTE | |
r-devel-linux-x86_64-fedora-clang | 2.0.0 | 150.84 | NOTE | |||
r-devel-linux-x86_64-fedora-gcc | 2.0.0 | 141.04 | NOTE | |||
r-devel-windows-x86_64 | 2.0.0 | 37.00 | 81.00 | 118.00 | NOTE | |
r-patched-linux-x86_64 | 2.0.0 | 40.16 | 66.54 | 106.70 | NOTE | |
r-release-linux-x86_64 | 2.0.0 | 41.39 | 57.54 | 98.93 | NOTE | |
r-release-macos-arm64 | 2.0.0 | 38.00 | NOTE | |||
r-release-macos-x86_64 | 2.0.0 | 68.00 | NOTE | |||
r-release-windows-x86_64 | 2.0.0 | 46.00 | 90.00 | 136.00 | NOTE | |
r-oldrel-macos-arm64 | 2.0.0 | 36.00 | OK | |||
r-oldrel-macos-x86_64 | 2.0.0 | 49.00 | OK | |||
r-oldrel-windows-x86_64 | 2.0.0 | 44.00 | 92.00 | 136.00 | OK |
Version: 2.0.0
Check: C++ specification
Result: NOTE
Specified C++11: please drop specification unless essential
Flavors: r-devel-linux-x86_64-debian-clang, r-devel-linux-x86_64-debian-gcc, r-devel-linux-x86_64-fedora-clang, r-devel-linux-x86_64-fedora-gcc, r-devel-windows-x86_64, r-patched-linux-x86_64, r-release-linux-x86_64, r-release-macos-arm64, r-release-macos-x86_64, r-release-windows-x86_64