CRAN Package Check Results for Package combinat

Last updated on 2023-11-30 08:49:49 CET.

Flavor Version Tinstall Tcheck Ttotal Status Flags
r-devel-linux-x86_64-debian-clang 0.0-8 2.46 21.85 24.31 NOTE
r-devel-linux-x86_64-debian-gcc 0.0-8 1.61 16.96 18.57 NOTE
r-devel-linux-x86_64-fedora-clang 0.0-8 30.05 NOTE
r-devel-linux-x86_64-fedora-gcc 0.0-8 28.64 NOTE
r-devel-windows-x86_64 0.0-8 3.00 37.00 40.00 NOTE
r-patched-linux-x86_64 0.0-8 2.07 22.05 24.12 NOTE
r-release-linux-x86_64 0.0-8 2.37 21.41 23.78 NOTE
r-release-macos-arm64 0.0-8 16.00 NOTE
r-release-macos-x86_64 0.0-8 19.00 NOTE
r-release-windows-x86_64 0.0-8 3.00 37.00 40.00 NOTE
r-oldrel-macos-arm64 0.0-8 15.00 NOTE
r-oldrel-macos-x86_64 0.0-8 21.00 NOTE
r-oldrel-windows-x86_64 0.0-8 5.00 42.00 47.00 NOTE

Check Details

Version: 0.0-8
Check: DESCRIPTION meta-information
Result: NOTE Malformed Description field: should contain one or more complete sentences. Flavors: r-devel-linux-x86_64-debian-clang, r-devel-linux-x86_64-debian-gcc, r-devel-linux-x86_64-fedora-clang, r-devel-linux-x86_64-fedora-gcc, r-devel-windows-x86_64, r-patched-linux-x86_64, r-release-linux-x86_64, r-release-macos-arm64, r-release-macos-x86_64, r-release-windows-x86_64, r-oldrel-macos-arm64, r-oldrel-macos-x86_64, r-oldrel-windows-x86_64

Version: 0.0-8
Check: Rd files
Result: NOTE checkRd: (-1) xsimplex.Rd:6: Lost braces; missing escapes or markup? 6 | Generates all points on a {p,n} simplex lattice (i.e. a p-part | ^ Flavors: r-devel-linux-x86_64-debian-clang, r-devel-linux-x86_64-debian-gcc