Last updated on 2024-03-28 23:55:03 CET.
Flavor | Version | Tinstall | Tcheck | Ttotal | Status | Flags |
---|---|---|---|---|---|---|
r-devel-linux-x86_64-debian-clang | 1.0.3 | 45.91 | 41.95 | 87.86 | NOTE | |
r-devel-linux-x86_64-debian-gcc | 1.0.3 | 33.58 | 32.37 | 65.95 | NOTE | |
r-devel-linux-x86_64-fedora-clang | 1.0.3 | 123.13 | NOTE | |||
r-devel-linux-x86_64-fedora-gcc | 1.0.3 | 118.47 | NOTE | |||
r-devel-windows-x86_64 | 1.0.3 | 35.00 | 74.00 | 109.00 | NOTE | |
r-patched-linux-x86_64 | 1.0.3 | 47.62 | 41.07 | 88.69 | NOTE | |
r-release-linux-x86_64 | 1.0.3 | 41.94 | 40.81 | 82.75 | NOTE | |
r-release-macos-arm64 | 1.0.3 | 36.00 | NOTE | |||
r-release-macos-x86_64 | 1.0.3 | 56.00 | NOTE | |||
r-release-windows-x86_64 | 1.0.3 | 34.00 | 83.00 | 117.00 | NOTE | |
r-oldrel-macos-arm64 | 1.0.3 | 32.00 | NOTE | |||
r-oldrel-windows-x86_64 | 1.0.3 | 43.00 | 81.00 | 124.00 | NOTE |
Version: 1.0.3
Check: LazyData
Result: NOTE
'LazyData' is specified without a 'data' directory
Flavors: r-devel-linux-x86_64-debian-clang, r-devel-linux-x86_64-debian-gcc, r-devel-linux-x86_64-fedora-clang, r-devel-linux-x86_64-fedora-gcc, r-devel-windows-x86_64, r-patched-linux-x86_64, r-release-linux-x86_64, r-release-macos-arm64, r-release-macos-x86_64, r-release-windows-x86_64, r-oldrel-macos-arm64, r-oldrel-windows-x86_64