CRAN Package Check Results for Package commonmark

Last updated on 2021-09-21 04:54:58 CEST.

Flavor Version Tinstall Tcheck Ttotal Status Flags
r-devel-linux-x86_64-debian-clang 1.7 15.45 21.94 37.39 OK
r-devel-linux-x86_64-debian-gcc 1.7 12.23 17.60 29.83 OK
r-devel-linux-x86_64-fedora-clang 1.7 55.51 OK
r-devel-linux-x86_64-fedora-gcc 1.7 51.62 OK
r-devel-windows-x86_64 1.7 23.00 34.00 57.00 OK
r-devel-windows-x86_64-gcc10-UCRT 1.7 ERROR
r-patched-linux-x86_64 1.7 14.08 21.57 35.65 OK
r-patched-solaris-x86 1.7 75.50 OK
r-release-linux-x86_64 1.7 13.74 21.50 35.24 OK
r-release-macos-arm64 1.7 OK
r-release-macos-x86_64 1.7 OK
r-release-windows-ix86+x86_64 1.7 55.00 40.00 95.00 OK
r-oldrel-macos-x86_64 1.7 OK
r-oldrel-windows-ix86+x86_64 1.7 50.00 41.00 91.00 OK

Check Details

Version: 1.7
Check: whether package can be installed
Result: ERROR
    Installation failed.
Flavor: r-devel-windows-x86_64-gcc10-UCRT