Last updated on 2023-06-02 18:52:41 CEST.
Flavor | Version | Tinstall | Tcheck | Ttotal | Status | Flags |
---|---|---|---|---|---|---|
r-devel-linux-x86_64-debian-clang | 0.1 | 68.50 | 63.62 | 132.12 | NOTE | |
r-devel-linux-x86_64-debian-gcc | 0.1 | 51.90 | 47.89 | 99.79 | NOTE | |
r-devel-linux-x86_64-fedora-clang | 0.1 | 200.86 | NOTE | |||
r-devel-linux-x86_64-fedora-gcc | 0.1 | 199.23 | NOTE | |||
r-devel-windows-x86_64 | 0.1 | 52.00 | 87.00 | 139.00 | NOTE | |
r-patched-linux-x86_64 | 0.1 | NOTE | ||||
r-release-linux-x86_64 | 0.1 | 58.46 | 59.94 | 118.40 | NOTE | |
r-release-macos-arm64 | 0.1 | 58.00 | NOTE | |||
r-release-macos-x86_64 | 0.1 | 90.00 | NOTE | |||
r-release-windows-x86_64 | 0.1 | 67.00 | 102.00 | 169.00 | NOTE | |
r-oldrel-macos-arm64 | 0.1 | 50.00 | NOTE | |||
r-oldrel-macos-x86_64 | 0.1 | 98.00 | NOTE | |||
r-oldrel-windows-x86_64 | 0.1 | 64.00 | 97.00 | 161.00 | OK |
Version: 0.1
Check: C++ specification
Result: NOTE
Specified C++11: please drop specification unless essential
Flavors: r-devel-linux-x86_64-debian-clang, r-devel-linux-x86_64-debian-gcc, r-devel-linux-x86_64-fedora-clang, r-devel-linux-x86_64-fedora-gcc, r-devel-windows-x86_64, r-patched-linux-x86_64, r-release-linux-x86_64, r-release-macos-arm64, r-release-macos-x86_64, r-release-windows-x86_64
Version: 0.1
Check: dependencies in R code
Result: NOTE
Namespaces in Imports field not imported from:
‘GGally’ ‘RColorBrewer’ ‘abind’ ‘diagram’ ‘ggplot2’ ‘grid’ ‘gtable’
‘igraph’ ‘magrittr’ ‘plyr’ ‘purrr’ ‘reshape2’ ‘scales’ ‘useful’
All declared Imports should be used.
Flavors: r-devel-linux-x86_64-fedora-clang, r-devel-linux-x86_64-fedora-gcc, r-oldrel-macos-arm64, r-oldrel-macos-x86_64
Version: 0.1
Check: installed package size
Result: NOTE
installed size is 5.3Mb
sub-directories of 1Mb or more:
libs 4.8Mb
Flavors: r-release-macos-arm64, r-release-macos-x86_64, r-oldrel-macos-arm64, r-oldrel-macos-x86_64